98.214.122.187 - - [23/Mar/2008:00:38:52 +0000] "GET /files/ucd1_.jpg HTTP/1.1" 200 27589 "http://pvmmpi08.ucd.ie/welcome";; "Mozilla/4.0 (compatible; MSIE 7.0; Windows NT 5.1; .NET CLR 1.1.4322; InfoPath.1; .NET CLR 2.0.50727)"
98.214.122.187 - - [23/Mar/2008:00:38:52 +0000] "GET /files/ucd2_.jpg HTTP/1.1" 200 12009 "http://pvmmpi08.ucd.ie/welcome";; "Mozilla/4.0 (compatible; MSIE 7.0; Windows NT 5.1; .NET CLR 1.1.4322; InfoPath.1; .NET CLR 2.0.50727)"
193.120.116.178 - - [23/Mar/2008:00:38:55 +0000] "GET /UserFiles/Image/logo.gif HTTP/1.1" 200 3085 "-" "Mozilla/4.0 (compatible;)"
193.1.172.46 - - [23/Mar/2008:00:39:45 +0000] "GET /staff/aquigley/home/?Links:Visualisation:Bioinformatics HTTP/1.0" 200 13523 "-" "gsa-crawler (Enterprise; M2-N7RQ5RABCA2JT; unix@ucd.ie,fergal@ucd.ie)"
193.1.172.46 - - [23/Mar/2008:00:39:45 +0000] "GET /staff/aquigley/home/?Personal:1973-95%3A_Ireland&print HTTP/1.0" 200 1591 "-" "gsa-crawler (Enterprise; M2-N7RQ5RABCA2JT; unix@ucd.ie,fergal@ucd.ie)"
193.1.172.46 - - [23/Mar/2008:00:39:46 +0000] "GET / HTTP/1.0" 200 6631 "-" "gsa-crawler (Enterprise; M2-N7RQ5RABCA2JT; unix@ucd.ie,fergal@ucd.ie)"
193.1.172.46 - - [23/Mar/2008:00:39:46 +0000] "GET /staff/aquigley/home/index.php?Introduction:News HTTP/1.0" 200 11489 "-" "gsa-crawler (Enterprise; M2-N7RQ5RABCA2JT; unix@ucd.ie,fergal@ucd.ie)"
193.1.172.46 - - [23/Mar/2008:00:39:48 +0000] "GET /staff/aquigley/home/?Overview:Education&print HTTP/1.0" 200 1768 "-" "gsa-crawler (Enterprise; M2-N7RQ5RABCA2JT; unix@ucd.ie,fergal@ucd.ie)"
193.1.132.49 - - [23/Mar/2008:00:40:01 +0000] "GET /cron.php HTTP/1.0" 200 - "-" "Wget/1.10.2 (Red Hat modified)"
65.55.104.11 - - [23/Mar/2008:00:40:44 +0000] "GET /robots.txt HTTP/1.1" 404 289 "-" "msnbot/1.1 (+http://search.msn.com/msnbot.htm)";;
65.55.104.11 - - [23/Mar/2008:00:40:44 +0000] "GET /staff/aquigley/home/?Research:Publications HTTP/1.1" 200 31202 "-" "msnbot/1.1 (+http://search.msn.com/msnbot.htm)";;
74.6.26.235 - - [23/Mar/2008:00:40:57 +0000] "GET /Postgraduates/PostgraduateStudents/eloureiro.html HTTP/1.0" 304 - "-" "Mozilla/5.0 (compatible; Yahoo! Slurp; http://help.yahoo.com/help/us/ysearch/slurp)";;
72.14.193.65 - - [23/Mar/2008:00:41:55 +0000] "GET / HTTP/1.1" 200 16269 "http://www.google.de/search?q=dubline+summer+school&ie=utf-8&oe=utf-8&aq=t&rls=org.mozilla:de:official&client=firefox-a";; "Mozilla/5.0 (Windows; U; Windows NT 5.1; de; rv:1.8.1.12) Gecko/20080201 Firefox/2.0.0.12"
72.14.193.65 - - [23/Mar/2008:00:41:55 +0000] "GET / HTTP/1.1" 200 16269 "http://www.google.de/search?q=dubline+summer+school&ie=utf-8&oe=utf-8&aq=t&rls=org.mozilla:de:official&client=firefox-a";; "Mozilla/5.0 (Windows; U; Windows NT 5.1; de; rv:1.8.1.12) Gecko/20080201 Firefox/2.0.0.12"
72.14.193.65 - - [23/Mar/2008:00:41:55 +0000] "GET /style.css HTTP/1.1" 200 1352 "http://www.odcsss.ie/";; "Mozilla/5.0 (Windows; U; Windows NT 5.1; de; rv:1.8.1.12) Gecko/20080201 Firefox/2.0.0.12"
85.178.253.222 - - [23/Mar/2008:00:41:55 +0000] "GET / HTTP/1.1" 200 16269 "http://www.google.de/search?q=dubline+summer+school&ie=utf-8&oe=utf-8&aq=t&rls=org.mozilla:de:official&client=firefox-a";; "Mozilla/5.0 (Windows; U; Windows NT 5.1; de; rv:1.8.1.12) Gecko/20080201 Firefox/2.0.0.12"
85.178.253.222 - - [23/Mar/2008:00:41:56 +0000] "GET /favicon.ico HTTP/1.1" 200 3638 "-" "Mozilla/5.0 (Windows; U; Windows NT 5.1; de; rv:1.8.1.12) Gecko/20080201 Firefox/2.0.0.12"
85.178.253.222 - - [23/Mar/2008:00:41:56 +0000] "GET /style.css HTTP/1.1" 200 1352 "http://www.odcsss.ie/";; "Mozilla/5.0 (Windows; U; Windows NT 5.1; de; rv:1.8.1.12) Gecko/20080201 Firefox/2.0.0.12"
85.178.253.222 - - [23/Mar/2008:00:41:56 +0000] "GET /images/hl.gif HTTP/1.1" 200 53 "http://www.odcsss.ie/";; "Mozilla/5.0 (Windows; U; Windows NT 5.1; de; rv:1.8.1.12) Gecko/20080201 Firefox/2.0.0.12"
85.178.253.222 - - [23/Mar/2008:00:41:56 +0000] "GET /images/marker_pencil.gif HTTP/1.1" 200 213 "http://www.odcsss.ie/";; "Mozilla/5.0 (Windows; U; Windows NT 5.1; de; rv:1.8.1.12) Gecko/20080201 Firefox/2.0.0.12"
85.178.253.222 - - [23/Mar/2008:00:41:56 +0000] "GET /images/marcer_chair.gif HTTP/1.1" 200 181 "http://www.odcsss.ie/";; "Mozilla/5.0 (Windows; U; Windows NT 5.1; de; rv:1.8.1.12) Gecko/20080201 Firefox/2.0.0.12"
85.178.253.222 - - [23/Mar/2008:00:41:56 +0000] "GET /images/marker_bag.gif HTTP/1.1" 200 631 "http://www.odcsss.ie/";; "Mozilla/5.0 (Windows; U; Windows NT 5.1; de; rv:1.8.1.12) Gecko/20080201 Firefox/2.0.0.12"
85.178.253.222 - - [23/Mar/2008:00:41:56 +0000] "GET /images/marker_display.gif HTTP/1.1" 200 624 "http://www.odcsss.ie/";; "Mozilla/5.0 (Windows; U; Windows NT 5.1; de; rv:1.8.1.12) Gecko/20080201 Firefox/2.0.0.12"
85.178.253.222 - - [23/Mar/2008:00:41:56 +0000] "GET /Flash/Header.swf HTTP/1.1" 200 18170 "http://www.odcsss.ie/";; "Mozilla/5.0 (Windows; U; Windows NT 5.1; de; rv:1.8.1.12) Gecko/20080201 Firefox/2.0.0.12"
85.178.253.222 - - [23/Mar/2008:00:41:56 +0000] "GET /images/marker_sixangle.gif HTTP/1.1" 200 1050 "http://www.odcsss.ie/";; "Mozilla/5.0 (Windows; U; Windows NT 5.1; de; rv:1.8.1.12) Gecko/20080201 Firefox/2.0.0.12"
85.178.253.222 - - [23/Mar/2008:00:41:56 +0000] "GET /images/marker_person.gif HTTP/1.1" 200 594 "http://www.odcsss.ie/";; "Mozilla/5.0 (Windows; U; Windows NT 5.1; de; rv:1.8.1.12) Gecko/20080201 Firefox/2.0.0.12"
85.178.253.222 - - [23/Mar/2008:00:41:56 +0000] "GET /images/Cave001.jpg HTTP/1.1" 200 46958 "http://www.odcsss.ie/";; "Mozilla/5.0 (Windows; U; Windows NT 5.1; de; rv:1.8.1.12) Gecko/20080201 Firefox/2.0.0.12"
85.178.253.222 - - [23/Mar/2008:00:41:56 +0000] "GET /sfi-small.png HTTP/1.1" 200 6679 "http://www.odcsss.ie/";; "Mozilla/5.0 (Windows; U; Windows NT 5.1; de; rv:1.8.1.12) Gecko/20080201 Firefox/2.0.0.12"
85.178.253.222 - - [23/Mar/2008:00:41:56 +0000] "GET /images/logo_ucd.gif HTTP/1.1" 200 3764 "http://www.odcsss.ie/";; "Mozilla/5.0 (Windows; U; Windows NT 5.1; de; rv:1.8.1.12) Gecko/20080201 Firefox/2.0.0.12"
85.178.253.222 - - [23/Mar/2008:00:41:57 +0000] "GET /images/logo_dcu.gif HTTP/1.1" 200 2536 "http://www.odcsss.ie/";; "Mozilla/5.0 (Windows; U; Windows NT 5.1; de; rv:1.8.1.12) Gecko/20080201 Firefox/2.0.0.12"
85.178.253.222 - - [23/Mar/2008:00:41:57 +0000] "GET /images/logo_aic.gif HTTP/1.1" 200 2603 "http://www.odcsss.ie/";; "Mozilla/5.0 (Windows; U; Windows NT 5.1; de; rv:1.8.1.12) Gecko/20080201 Firefox/2.0.0.12"
85.178.253.222 - - [23/Mar/2008:00:41:56 +0000] "GET /ODCSSS2007Poster-small.gif HTTP/1.1" 200 22825 "http://www.odcsss.ie/";; "Mozilla/5.0 (Windows; U; Windows NT 5.1; de; rv:1.8.1.12) Gecko/20080201 Firefox/2.0.0.12"
85.178.253.222 - - [23/Mar/2008:00:41:57 +0000] "GET /images/row2.gif HTTP/1.1" 200 2895 "http://www.odcsss.ie/";; "Mozilla/5.0 (Windows; U; Windows NT 5.1; de; rv:1.8.1.12) Gecko/20080201 Firefox/2.0.0.12"
85.178.253.222 - - [23/Mar/2008:00:41:57 +0000] "GET /images/row1.gif HTTP/1.1" 200 592 "http://www.odcsss.ie/";; "Mozilla/5.0 (Windows; U; Windows NT 5.1; de; rv:1.8.1.12) Gecko/20080201 Firefox/2.0.0.12"
85.178.253.222 - - [23/Mar/2008:00:41:57 +0000] "GET /images/row3.gif HTTP/1.1" 200 96 "http://www.odcsss.ie/";; "Mozilla/5.0 (Windows; U; Windows NT 5.1; de; rv:1.8.1.12) Gecko/20080201 Firefox/2.0.0.12"
85.178.253.222 - - [23/Mar/2008:00:41:57 +0000] "GET /images/back_left.gif HTTP/1.1" 200 68 "http://www.odcsss.ie/";; "Mozilla/5.0 (Windows; U; Windows NT 5.1; de; rv:1.8.1.12) Gecko/20080201 Firefox/2.0.0.12"
85.178.253.222 - - [23/Mar/2008:00:41:57 +0000] "GET /images/back_right.gif HTTP/1.1" 200 68 "http://www.odcsss.ie/";; "Mozilla/5.0 (Windows; U; Windows NT 5.1; de; rv:1.8.1.12) Gecko/20080201 Firefox/2.0.0.12"
85.178.253.222 - - [23/Mar/2008:00:41:57 +0000] "GET /images/row5.gif HTTP/1.1" 200 1276 "http://www.odcsss.ie/";; "Mozilla/5.0 (Windows; U; Windows NT 5.1; de; rv:1.8.1.12) Gecko/20080201 Firefox/2.0.0.12"
85.178.253.222 - - [23/Mar/2008:00:41:57 +0000] "GET /images/p_main.gif HTTP/1.1" 200 14428 "http://www.odcsss.ie/";; "Mozilla/5.0 (Windows; U; Windows NT 5.1; de; rv:1.8.1.12) Gecko/20080201 Firefox/2.0.0.12"
193.120.116.178 - - [23/Mar/2008:00:42:09 +0000] "GET /UserFiles/Image/header.gif HTTP/1.1" 200 11718 "-" "Mozilla/4.0 (compatible;)"
72.14.193.65 - - [23/Mar/2008:00:42:11 +0000] "GET /ODCSSS2008A3.pdf HTTP/1.1" 200 364963 "http://www.odcsss.ie/";; "Mozilla/5.0 (Windows; U; Windows NT 5.1; de; rv:1.8.1.12) Gecko/20080201 Firefox/2.0.0.12"
85.178.253.222 - - [23/Mar/2008:00:42:12 +0000] "GET /ODCSSS2008A3.pdf HTTP/1.1" 200 364963 "http://www.odcsss.ie/";; "Mozilla/5.0 (Windows; U; Windows NT 5.1; de; rv:1.8.1.12) Gecko/20080201 Firefox/2.0.0.12"
85.178.253.222 - - [23/Mar/2008:00:42:24 +0000] "GET /ODCSSS2008A3.pdf HTTP/1.1" 206 332417 "-" "Mozilla/5.0 (Windows; U; Windows NT 5.1; de; rv:1.8.1.12) Gecko/20080201 Firefox/2.0.0.12"
193.120.116.178 - - [23/Mar/2008:00:43:01 +0000] "GET /UserFiles/Image/background_header1.gif HTTP/1.1" 200 579 "-" "Mozilla/4.0 (compatible;)"
82.61.24.176 - - [23/Mar/2008:00:44:15 +0000] "GET /Staff/jmurphy/fecs/5_algodev.pdf HTTP/1.1" 200 30195 "http://www.google.it/search?q=Algorithm+development+process+&hl=it&rlz=1T4ADBR_itIT267IT267&start=10&sa=N";; "Mozilla/4.0 (compatible; MSIE 7.0; Windows NT 5.1; InfoPath.2)"
193.1.132.49 - - [23/Mar/2008:00:45:01 +0000] "GET /cron.php HTTP/1.0" 200 - "-" "Wget/1.10.2 (Red Hat modified)"
193.1.132.49 - - [23/Mar/2008:00:45:01 +0000] "GET /cron.php HTTP/1.0" 200 - "-" "Wget/1.10.2 (Red Hat modified)"
193.1.132.49 - - [23/Mar/2008:00:45:01 +0000] "GET /cron.php HTTP/1.0" 200 - "-" "Wget/1.10.2 (Red Hat modified)"
85.178.253.222 - - [23/Mar/2008:00:45:29 +0000] "GET /index-1.html HTTP/1.1" 200 13530 "http://www.odcsss.ie/";; "Mozilla/5.0 (Windows; U; Windows NT 5.1; de; rv:1.8.1.12) Gecko/20080201 Firefox/2.0.0.12"
85.178.253.222 - - [23/Mar/2008:00:45:29 +0000] "GET /images/slogan2.gif HTTP/1.1" 200 1074 "http://www.odcsss.ie/index-1.html";; "Mozilla/5.0 (Windows; U; Windows NT 5.1; de; rv:1.8.1.12) Gecko/20080201 Firefox/2.0.0.12"
85.178.253.222 - - [23/Mar/2008:00:45:29 +0000] "GET /images/hl2.gif HTTP/1.1" 200 66 "http://www.odcsss.ie/index-1.html";; "Mozilla/5.0 (Windows; U; Windows NT 5.1; de; rv:1.8.1.12) Gecko/20080201 Firefox/2.0.0.12"
85.178.253.222 - - [23/Mar/2008:00:45:29 +0000] "GET /final-research-day-2007/fin-research-day-Thumbnails/5.jpg HTTP/1.1" 200 41309 "http://www.odcsss.ie/index-1.html";; "Mozilla/5.0 (Windows; U; Windows NT 5.1; de; rv:1.8.1.12) Gecko/20080201 Firefox/2.0.0.12"
74.6.24.185 - - [23/Mar/2008:00:45:35 +0000] "GET /students/bessonov HTTP/1.0" 404 295 "-" "Mozilla/5.0 (compatible; Yahoo! Slurp; http://help.yahoo.com/help/us/ysearch/slurp)";;
72.14.193.65 - - [23/Mar/2008:00:45:36 +0000] "GET /dates.html HTTP/1.1" 200 8555 "http://www.odcsss.ie/index-1.html";; "Mozilla/5.0 (Windows; U; Windows NT 5.1; de; rv:1.8.1.12) Gecko/20080201 Firefox/2.0.0.12"
85.178.253.222 - - [23/Mar/2008:00:45:43 +0000] "GET /dates.html HTTP/1.1" 200 8555 "http://www.odcsss.ie/index-1.html";; "Mozilla/5.0 (Windows; U; Windows NT 5.1; de; rv:1.8.1.12) Gecko/20080201 Firefox/2.0.0.12"
85.178.253.222 - - [23/Mar/2008:00:45:43 +0000] "GET /images/pointer2.gif HTTP/1.1" 200 52 "http://www.odcsss.ie/dates.html";; "Mozilla/5.0 (Windows; U; Windows NT 5.1; de; rv:1.8.1.12) Gecko/20080201 Firefox/2.0.0.12"
85.178.253.222 - - [23/Mar/2008:00:45:52 +0000] "GET /index-3.html HTTP/1.1" 200 11058 "http://www.odcsss.ie/dates.html";; "Mozilla/5.0 (Windows; U; Windows NT 5.1; de; rv:1.8.1.12) Gecko/20080201 Firefox/2.0.0.12"
85.178.253.222 - - [23/Mar/2008:00:45:53 +0000] "GET /treemap.png HTTP/1.1" 200 8476 "http://www.odcsss.ie/index-3.html";; "Mozilla/5.0 (Windows; U; Windows NT 5.1; de; rv:1.8.1.12) Gecko/20080201 Firefox/2.0.0.12"
85.178.253.222 - - [23/Mar/2008:00:46:03 +0000] "GET /index.html HTTP/1.1" 200 16269 "http://www.odcsss.ie/index-3.html";; "Mozilla/5.0 (Windows; U; Windows NT 5.1; de; rv:1.8.1.12) Gecko/20080201 Firefox/2.0.0.12"
74.6.23.59 - - [23/Mar/2008:00:46:04 +0000] "GET /staff/mogrady/home/publications/conferences/2004/ HTTP/1.0" 403 331 "-" "Mozilla/5.0 (compatible; Yahoo! Slurp; http://help.yahoo.com/help/us/ysearch/slurp)";;
72.14.193.65 - - [23/Mar/2008:00:46:09 +0000] "GET /index-2.html HTTP/1.1" 200 21850 "http://www.odcsss.ie/index.html";; "Mozilla/5.0 (Windows; U; Windows NT 5.1; de; rv:1.8.1.12) Gecko/20080201 Firefox/2.0.0.12"
85.178.253.222 - - [23/Mar/2008:00:46:09 +0000] "GET /projects.html HTTP/1.1" 200 11141 "http://www.odcsss.ie/index.html";; "Mozilla/5.0 (Windows; U; Windows NT 5.1; de; rv:1.8.1.12) Gecko/20080201 Firefox/2.0.0.12"
72.14.193.65 - - [23/Mar/2008:00:46:09 +0000] "GET /projects.html HTTP/1.1" 200 11141 "http://www.odcsss.ie/index.html";; "Mozilla/5.0 (Windows; U; Windows NT 5.1; de; rv:1.8.1.12) Gecko/20080201 Firefox/2.0.0.12"
72.14.193.65 - - [23/Mar/2008:00:46:13 +0000] "GET /01.html HTTP/1.1" 200 8881 "http://www.odcsss.ie/projects.html";; "Mozilla/5.0 (Windows; U; Windows NT 5.1; de; rv:1.8.1.12) Gecko/20080201 Firefox/2.0.0.12"
193.120.116.178 - - [23/Mar/2008:00:46:49 +0000] "GET /UserFiles/Image/ucd_submit.gif HTTP/1.1" 200 197 "-" "Mozilla/4.0 (compatible;)"
72.14.193.65 - - [23/Mar/2008:00:46:50 +0000] "GET /11.html HTTP/1.1" 200 7419 "http://www.odcsss.ie/projects.html";; "Mozilla/5.0 (Windows; U; Windows NT 5.1; de; rv:1.8.1.12) Gecko/20080201 Firefox/2.0.0.12"
85.178.253.222 - - [23/Mar/2008:00:46:50 +0000] "GET /11.html HTTP/1.1" 200 7419 "http://www.odcsss.ie/projects.html";; "Mozilla/5.0 (Windows; U; Windows NT 5.1; de; rv:1.8.1.12) Gecko/20080201 Firefox/2.0.0.12"
193.120.116.178 - - [23/Mar/2008:00:46:52 +0000] "GET /UserFiles/Image/logo.gif HTTP/1.1" 200 3085 "-" "Mozilla/4.0 (compatible;)"
85.178.253.222 - - [23/Mar/2008:00:47:16 +0000] "GET /index-4.html HTTP/1.1" 200 12868 "http://www.odcsss.ie/11.html";; "Mozilla/5.0 (Windows; U; Windows NT 5.1; de; rv:1.8.1.12) Gecko/20080201 Firefox/2.0.0.12"
85.178.253.222 - - [23/Mar/2008:00:47:16 +0000] "GET /images/5_p1.gif HTTP/1.1" 200 12753 "http://www.odcsss.ie/index-4.html";; "Mozilla/5.0 (Windows; U; Windows NT 5.1; de; rv:1.8.1.12) Gecko/20080201 Firefox/2.0.0.12"
72.14.193.65 - - [23/Mar/2008:00:47:30 +0000] "GET /2006/news.html HTTP/1.1" 200 15757 "http://www.odcsss.ie/dates.html";; "Mozilla/5.0 (Windows; U; Windows NT 5.1; de; rv:1.8.1.12) Gecko/20080201 Firefox/2.0.0.12"
72.14.193.65 - - [23/Mar/2008:00:47:30 +0000] "GET /news.html HTTP/1.1" 200 8816 "http://www.odcsss.ie/dates.html";; "Mozilla/5.0 (Windows; U; Windows NT 5.1; de; rv:1.8.1.12) Gecko/20080201 Firefox/2.0.0.12"
85.178.253.222 - - [23/Mar/2008:00:47:30 +0000] "GET /news.html HTTP/1.1" 200 8816 "http://www.odcsss.ie/dates.html";; "Mozilla/5.0 (Windows; U; Windows NT 5.1; de; rv:1.8.1.12) Gecko/20080201 Firefox/2.0.0.12"
72.14.193.65 - - [23/Mar/2008:00:47:30 +0000] "GET /2006/style.css HTTP/1.1" 200 1352 "http://www.odcsss.ie/2006/news.html";; "Mozilla/5.0 (Windows; U; Windows NT 5.1; de; rv:1.8.1.12) Gecko/20080201 Firefox/2.0.0.12"
193.252.149.15 - - [23/Mar/2008:00:48:15 +0000] "GET /robots.txt HTTP/1.1" 404 288 "-" "Mozilla/5.0 (Windows; U; Windows NT 5.1; fr; rv:1.8.1) VoilaBot BETA 1.2 (http://www.voila.com/)";;
65.55.208.49 - - [23/Mar/2008:00:48:24 +0000] "GET /staff/aquigley/home/downloads/SRG_flyer.pdf HTTP/1.1" 304 - "-" "msnbot/1.1 (+http://search.msn.com/msnbot.htm)";;
193.252.149.15 - - [23/Mar/2008:00:48:27 +0000] "GET / HTTP/1.1" 200 6631 "-" "Mozilla/5.0 (Windows; U; Windows NT 5.1; fr; rv:1.8.1) VoilaBot BETA 1.2 (http://www.voila.com/)";;
85.178.253.222 - - [23/Mar/2008:00:48:39 +0000] "GET /index-2.html HTTP/1.1" 200 21850 "http://www.odcsss.ie/index-1.html";; "Mozilla/5.0 (Windows; U; Windows NT 5.1; de; rv:1.8.1.12) Gecko/20080201 Firefox/2.0.0.12"
65.214.44.29 - - [23/Mar/2008:00:49:59 +0000] "GET /Staff/cormac/rss.xml HTTP/1.1" 304 - "-" "Bloglines/3.1 (http://www.bloglines.com; 2 subscribers)"
193.1.132.49 - - [23/Mar/2008:00:50:02 +0000] "GET /cron.php HTTP/1.0" 200 - "-" "Wget/1.10.2 (Red Hat modified)"
193.120.116.178 - - [23/Mar/2008:00:50:06 +0000] "GET /UserFiles/Image/header.gif HTTP/1.1" 200 11718 "-" "Mozilla/4.0 (compatible;)"
65.55.208.44 - - [23/Mar/2008:00:50:08 +0000] "GET /Postgraduates/PostgraduateStudents/erubagotti.html HTTP/1.1" 304 - "-" "msnbot/1.1 (+http://search.msn.com/msnbot.htm)";;
65.55.208.44 - - [23/Mar/2008:00:50:08 +0000] "GET /Postgraduates/PostgraduateStudents/akoinis.html HTTP/1.1" 304 - "-" "msnbot/1.1 (+http://search.msn.com/msnbot.htm)";;
65.55.208.44 - - [23/Mar/2008:00:50:09 +0000] "GET /Postgraduates/PostgraduateStudents/rquigley.html HTTP/1.1" 304 - "-" "msnbot/1.1 (+http://search.msn.com/msnbot.htm)";;
65.55.208.44 - - [23/Mar/2008:00:50:24 +0000] "GET /staff/aquigley/home/index.php?Overview:Past_Roles:Research_Intern&print HTTP/1.1" 200 1952 "-" "msnbot/1.1 (+http://search.msn.com/msnbot.htm)";;
193.120.116.178 - - [23/Mar/2008:00:51:03 +0000] "GET /UserFiles/Image/background_header1.gif HTTP/1.1" 200 579 "-" "Mozilla/4.0 (compatible;)"
74.6.29.103 - - [23/Mar/2008:00:52:49 +0000] "GET /staff/jcarthy/Default.htm HTTP/1.0" 404 303 "-" "Mozilla/5.0 (compatible; Yahoo! Slurp; http://help.yahoo.com/help/us/ysearch/slurp)";;
74.6.8.48 - - [23/Mar/2008:00:52:54 +0000] "GET /staff/aquigley/home/index.php?Links:RSS_Feeds HTTP/1.0" 200 17061 "-" "Mozilla/5.0 (compatible; Yahoo! Slurp; http://help.yahoo.com/help/us/ysearch/slurp)";;
159.134.136.104 - - [23/Mar/2008:00:53:08 +0000] "GET /Postgraduates/H.Dip.ComputerScience.html HTTP/1.1" 301 366 "http://www.ucd.ie/pgstudy/programmes/taught/view_a_to_z/taught_a_to_z.htm";; "Mozilla/4.0 (compatible; MSIE 6.0; Windows NT 5.1; SV1; .NET CLR 1.1.4322; .NET CLR 2.0.50727)"
159.134.136.104 - - [23/Mar/2008:00:53:10 +0000] "GET /Postgraduates/Taught_Degrees/H.Dip.ComputerScience.html HTTP/1.1" 200 7170 "http://www.ucd.ie/pgstudy/programmes/taught/view_a_to_z/taught_a_to_z.htm";; "Mozilla/4.0 (compatible; MSIE 6.0; Windows NT 5.1; SV1; .NET CLR 1.1.4322; .NET CLR 2.0.50727)"
159.134.136.104 - - [23/Mar/2008:00:53:13 +0000] "GET /styles/ucd.css HTTP/1.1" 200 10944 "http://www.csi.ucd.ie/Postgraduates/Taught_Degrees/H.Dip.ComputerScience.html";; "Mozilla/4.0 (compatible; MSIE 6.0; Windows NT 5.1; SV1; .NET CLR 1.1.4322; .NET CLR 2.0.50727)"
159.134.136.104 - - [23/Mar/2008:00:53:18 +0000] "GET /SortList.js HTTP/1.1" 200 2856 "http://www.csi.ucd.ie/Postgraduates/Taught_Degrees/H.Dip.ComputerScience.html";; "Mozilla/4.0 (compatible; MSIE 6.0; Windows NT 5.1; SV1; .NET CLR 1.1.4322; .NET CLR 2.0.50727)"
159.134.136.104 - - [23/Mar/2008:00:53:29 +0000] "GET /javascript/email.js HTTP/1.1" 200 359 "http://www.csi.ucd.ie/Postgraduates/Taught_Degrees/H.Dip.ComputerScience.html";; "Mozilla/4.0 (compatible; MSIE 6.0; Windows NT 5.1; SV1; .NET CLR 1.1.4322; .NET CLR 2.0.50727)"
159.134.136.104 - - [23/Mar/2008:00:53:33 +0000] "GET /UserFiles/Image/ucd_submit.gif HTTP/1.1" 200 197 "http://www.csi.ucd.ie/Postgraduates/Taught_Degrees/H.Dip.ComputerScience.html";; "Mozilla/4.0 (compatible; MSIE 6.0; Windows NT 5.1; SV1; .NET CLR 1.1.4322; .NET CLR 2.0.50727)"
159.134.136.104 - - [23/Mar/2008:00:53:33 +0000] "GET /UserFiles/Image/logo.gif HTTP/1.1" 200 3085 "http://www.csi.ucd.ie/Postgraduates/Taught_Degrees/H.Dip.ComputerScience.html";; "Mozilla/4.0 (compatible; MSIE 6.0; Windows NT 5.1; SV1; .NET CLR 1.1.4322; .NET CLR 2.0.50727)"
159.134.136.104 - - [23/Mar/2008:00:53:39 +0000] "GET /UserFiles/Image/header.gif HTTP/1.1" 200 11718 "http://www.csi.ucd.ie/Postgraduates/Taught_Degrees/H.Dip.ComputerScience.html";; "Mozilla/4.0 (compatible; MSIE 6.0; Windows NT 5.1; SV1; .NET CLR 1.1.4322; .NET CLR 2.0.50727)"
159.134.136.104 - - [23/Mar/2008:00:53:39 +0000] "GET /UserFiles/Image/HigherDiplomaComputerScienceUCDIreland.1.gif HTTP/1.1" 200 17040 "http://www.csi.ucd.ie/Postgraduates/Taught_Degrees/H.Dip.ComputerScience.html";; "Mozilla/4.0 (compatible; MSIE 6.0; Windows NT 5.1; SV1; .NET CLR 1.1.4322; .NET CLR 2.0.50727)"
159.134.136.104 - - [23/Mar/2008:00:54:06 +0000] "GET /UserFiles/Image/background_2_columns_left.gif HTTP/1.1" 200 67 "http://www.csi.ucd.ie/Postgraduates/Taught_Degrees/H.Dip.ComputerScience.html";; "Mozilla/4.0 (compatible; MSIE 6.0; Windows NT 5.1; SV1; .NET CLR 1.1.4322; .NET CLR 2.0.50727)"
159.134.136.104 - - [23/Mar/2008:00:54:20 +0000] "GET /UserFiles/Image/background_header1.gif HTTP/1.1" 200 579 "http://www.csi.ucd.ie/Postgraduates/Taught_Degrees/H.Dip.ComputerScience.html";; "Mozilla/4.0 (compatible; MSIE 6.0; Windows NT 5.1; SV1; .NET CLR 1.1.4322; .NET CLR 2.0.50727)"
159.134.136.104 - - [23/Mar/2008:00:54:56 +0000] "GET /staff/aquigley/home/images/crest-new.jpg HTTP/1.1" 200 2930 "http://feeds.feedburner.com/HigherDiplomaComputerScienceUCDIreland";; "Mozilla/4.0 (compatible; MSIE 6.0; Windows NT 5.1; SV1; .NET CLR 1.1.4322; .NET CLR 2.0.50727)"
193.1.132.49 - - [23/Mar/2008:00:55:01 +0000] "GET /cron.php HTTP/1.0" 200 - "-" "Wget/1.10.2 (Red Hat modified)"
65.55.208.44 - - [23/Mar/2008:00:55:43 +0000] "GET /robots.txt HTTP/1.1" 404 289 "-" "msnbot/1.1 (+http://search.msn.com/msnbot.htm)";;
65.55.208.44 - - [23/Mar/2008:00:55:43 +0000] "GET /staff/aquigley/home/index.php?Research:Professional_Activities:2005&print HTTP/1.1" 200 2915 "-" "msnbot/1.1 (+http://search.msn.com/msnbot.htm)";;
159.134.136.104 - - [23/Mar/2008:00:54:56 +0000] "GET /staff/aquigley/home/images/UCD-Comp-Sci-HDip-Leaflet_img.jpg HTTP/1.1" 200 28693 "http://feeds.feedburner.com/HigherDiplomaComputerScienceUCDIreland";; "Mozilla/4.0 (compatible; MSIE 6.0; Windows NT 5.1; SV1; .NET CLR 1.1.4322; .NET CLR 2.0.50727)"
159.134.136.104 - - [23/Mar/2008:00:55:57 +0000] "GET /UserFiles/File/UCD-Comp-Sci-HDip-Leaflet.pdf HTTP/1.1" 200 570980 "http://www.csi.ucd.ie/Postgraduates/Taught_Degrees/H.Dip.ComputerScience.html";; "Mozilla/4.0 (compatible; MSIE 6.0; Windows NT 5.1; SV1; .NET CLR 1.1.4322; .NET CLR 2.0.50727)"
65.55.208.46 - - [23/Mar/2008:00:56:02 +0000] "GET /staff/mkeane/ HTTP/1.1" 403 295 "-" "msnbot/1.1 (+http://search.msn.com/msnbot.htm)";;
159.134.136.104 - - [23/Mar/2008:00:56:02 +0000] "GET /UserFiles/File/UCD-Comp-Sci-HDip-Leaflet.pdf HTTP/1.1" 200 570980 "-" "Mozilla/4.0 (compatible; MSIE 6.0; Windows NT 5.1; SV1; .NET CLR 1.1.4322; .NET CLR 2.0.50727)"
74.6.31.239 - - [23/Mar/2008:00:56:22 +0000] "GET /UserFiles/publications/1146585684938.pdf HTTP/1.0" 200 141511 "-" "Mozilla/5.0 (compatible; Yahoo! Slurp; http://help.yahoo.com/help/us/ysearch/slurp)";;
130.208.136.10 - - [23/Mar/2008:00:56:28 +0000] "GET /~vitalys HTTP/1.1" 301 325 "http://ee.ucd.ie/~mark/links.html";; "Mozilla/5.0 (Windows; U; Windows NT 5.1; en-GB; rv:1.8.1.12) Gecko/20080201 Firefox/2.0.0.12"
74.6.9.157 - - [23/Mar/2008:00:56:28 +0000] "GET /staff/mbertolotto/home/lecture%20notes4025/introduction2006.ppt HTTP/1.0" 304 - "-" "Mozilla/5.0 (compatible; Yahoo! Slurp; http://help.yahoo.com/help/us/ysearch/slurp)";;
74.6.16.239 - - [23/Mar/2008:00:56:38 +0000] "GET /index-7.html HTTP/1.0" 304 - "-" "Mozilla/5.0 (compatible; Yahoo! Slurp; http://help.yahoo.com/help/us/ysearch/slurp)";;
74.6.7.91 - - [23/Mar/2008:00:57:22 +0000] "GET /staff/gsilvestre/projects.htm HTTP/1.0" 404 307 "-" "Mozilla/5.0 (compatible; Yahoo! Slurp; http://help.yahoo.com/help/us/ysearch/slurp)";;
72.30.179.240 - - [23/Mar/2008:00:57:39 +0000] "GET /intro.html HTTP/1.0" 304 - "-" "Mozilla/5.0 (compatible; Yahoo! Slurp; http://help.yahoo.com/help/us/ysearch/slurp)";;
193.1.172.46 - - [23/Mar/2008:00:58:51 +0000] "GET /staff/aquigley/home/?Teaching:UMS2_(Masters) HTTP/1.0" 200 10360 "-" "gsa-crawler (Enterprise; M2-N7RQ5RABCA2JT; unix@ucd.ie,fergal@ucd.ie)"
193.120.116.178 - - [23/Mar/2008:00:58:55 +0000] "GET /UserFiles/Image/logo.gif HTTP/1.1" 200 3085 "-" "Mozilla/4.0 (compatible;)"
193.120.116.178 - - [23/Mar/2008:00:58:57 +0000] "GET /UserFiles/Image/ucd_submit.gif HTTP/1.1" 200 197 "-" "Mozilla/4.0 (compatible;)"
159.134.136.104 - - [23/Mar/2008:00:56:15 +0000] "GET /UserFiles/File/UCD-Comp-Sci-HDip-Leaflet.pdf HTTP/1.1" 206 562540 "-" "Mozilla/4.0 (compatible; MSIE 6.0; Windows NT 5.1; SV1; .NET CLR 1.1.4322; .NET CLR 2.0.50727)"
193.1.132.49 - - [23/Mar/2008:01:00:01 +0000] "GET /cron.php HTTP/1.0" 200 - "-" "Wget/1.10.2 (Red Hat modified)"
193.1.172.46 - - [23/Mar/2008:01:00:44 +0000] "GET /staff/aquigley/home/?Links:HCI_-_CHI:Tabletop HTTP/1.0" 200 12621 "-" "gsa-crawler (Enterprise; M2-N7RQ5RABCA2JT; unix@ucd.ie,fergal@ucd.ie)"
193.1.172.46 - - [23/Mar/2008:01:00:50 +0000] "GET /staff/aquigley/home/?Research:Professional_Activities:2003 HTTP/1.0" 200 13102 "-" "gsa-crawler (Enterprise; M2-N7RQ5RABCA2JT; unix@ucd.ie,fergal@ucd.ie)"
193.1.172.46 - - [23/Mar/2008:01:01:31 +0000] "GET /staff/aquigley/home/?Research:Projects:FADE HTTP/1.0" 200 20719 "-" "gsa-crawler (Enterprise; M2-N7RQ5RABCA2JT; unix@ucd.ie,fergal@ucd.ie)"
193.120.116.178 - - [23/Mar/2008:01:02:05 +0000] "GET /UserFiles/Image/header.gif HTTP/1.1" 200 11718 "-" "Mozilla/4.0 (compatible;)"
84.203.57.192 - - [23/Mar/2008:01:02:39 +0000] "GET /Postgraduates/index.html HTTP/1.1" 200 4741 "http://www.ucd.ie/csi/postgraduate.htm";; "Mozilla/5.0 (Macintosh; U; PPC Mac OS X; en) AppleWebKit/312.9 (KHTML, like Gecko) Safari/312.6"
84.203.57.192 - - [23/Mar/2008:01:02:40 +0000] "GET /styles/ucd.css HTTP/1.1" 200 10944 "http://www.csi.ucd.ie/Postgraduates/index.html";; "Mozilla/5.0 (Macintosh; U; PPC Mac OS X; en) AppleWebKit/312.9 (KHTML, like Gecko) Safari/312.6"
84.203.57.192 - - [23/Mar/2008:01:02:40 +0000] "GET /SortList.js HTTP/1.1" 200 2856 "http://www.csi.ucd.ie/Postgraduates/index.html";; "Mozilla/5.0 (Macintosh; U; PPC Mac OS X; en) AppleWebKit/312.9 (KHTML, like Gecko) Safari/312.6"
84.203.57.192 - - [23/Mar/2008:01:02:40 +0000] "GET /favicon.ico HTTP/1.1" 404 290 "-" "Mozilla/5.0 (Macintosh; U; PPC Mac OS X; en) AppleWebKit/312.9 (KHTML, like Gecko) Safari/312.6"
84.203.57.192 - - [23/Mar/2008:01:02:40 +0000] "GET /javascript/email.js HTTP/1.1" 200 359 "http://www.csi.ucd.ie/Postgraduates/index.html";; "Mozilla/5.0 (Macintosh; U; PPC Mac OS X; en) AppleWebKit/312.9 (KHTML, like Gecko) Safari/312.6"
84.203.57.192 - - [23/Mar/2008:01:02:40 +0000] "GET /UserFiles/Image/logo.gif HTTP/1.1" 200 3085 "http://www.csi.ucd.ie/Postgraduates/index.html";; "Mozilla/5.0 (Macintosh; U; PPC Mac OS X; en) AppleWebKit/312.9 (KHTML, like Gecko) Safari/312.6"
84.203.57.192 - - [23/Mar/2008:01:02:40 +0000] "GET /UserFiles/Image/ucd_submit.gif HTTP/1.1" 200 197 "http://www.csi.ucd.ie/Postgraduates/index.html";; "Mozilla/5.0 (Macintosh; U; PPC Mac OS X; en) AppleWebKit/312.9 (KHTML, like Gecko) Safari/312.6"
84.203.57.192 - - [23/Mar/2008:01:02:40 +0000] "GET /UserFiles/Image/background_2_columns_left.gif HTTP/1.1" 200 67 "http://www.csi.ucd.ie/Postgraduates/index.html";; "Mozilla/5.0 (Macintosh; U; PPC Mac OS X; en) AppleWebKit/312.9 (KHTML, like Gecko) Safari/312.6"
84.203.57.192 - - [23/Mar/2008:01:02:40 +0000] "GET /UserFiles/Image/background_header1.gif HTTP/1.1" 200 579 "http://www.csi.ucd.ie/Postgraduates/index.html";; "Mozilla/5.0 (Macintosh; U; PPC Mac OS X; en) AppleWebKit/312.9 (KHTML, like Gecko) Safari/312.6"
84.203.57.192 - - [23/Mar/2008:01:02:40 +0000] "GET /UserFiles/Image/header.gif HTTP/1.1" 200 11718 "http://www.csi.ucd.ie/Postgraduates/index.html";; "Mozilla/5.0 (Macintosh; U; PPC Mac OS X; en) AppleWebKit/312.9 (KHTML, like Gecko) Safari/312.6"
84.203.57.192 - - [23/Mar/2008:01:02:57 +0000] "GET /Postgraduates/ResearchDegrees(PhDandMSc).html HTTP/1.1" 200 5965 "http://www.csi.ucd.ie/Postgraduates/index.html";; "Mozilla/5.0 (Macintosh; U; PPC Mac OS X; en) AppleWebKit/312.9 (KHTML, like Gecko) Safari/312.6"
84.203.57.192 - - [23/Mar/2008:01:02:57 +0000] "GET /UserFiles/Image/logo.gif HTTP/1.1" 304 - "http://www.csi.ucd.ie/Postgraduates/ResearchDegrees(PhDandMSc).html";; "Mozilla/5.0 (Macintosh; U; PPC Mac OS X; en) AppleWebKit/312.9 (KHTML, like Gecko) Safari/312.6"
84.203.57.192 - - [23/Mar/2008:01:02:57 +0000] "GET /UserFiles/Image/header.gif HTTP/1.1" 304 - "http://www.csi.ucd.ie/Postgraduates/ResearchDegrees(PhDandMSc).html";; "Mozilla/5.0 (Macintosh; U; PPC Mac OS X; en) AppleWebKit/312.9 (KHTML, like Gecko) Safari/312.6"
84.203.57.192 - - [23/Mar/2008:01:02:57 +0000] "GET /UserFiles/Image/ucd_submit.gif HTTP/1.1" 304 - "http://www.csi.ucd.ie/Postgraduates/ResearchDegrees(PhDandMSc).html";; "Mozilla/5.0 (Macintosh; U; PPC Mac OS X; en) AppleWebKit/312.9 (KHTML, like Gecko) Safari/312.6"
84.203.57.192 - - [23/Mar/2008:01:02:57 +0000] "GET /UserFiles/Image/background_3_columns.gif HTTP/1.1" 200 84 "http://www.csi.ucd.ie/Postgraduates/ResearchDegrees(PhDandMSc).html";; "Mozilla/5.0 (Macintosh; U; PPC Mac OS X; en) AppleWebKit/312.9 (KHTML, like Gecko) Safari/312.6"
84.203.57.192 - - [23/Mar/2008:01:02:58 +0000] "GET /UserFiles/Image/background_header1.gif HTTP/1.1" 304 - "http://www.csi.ucd.ie/Postgraduates/ResearchDegrees(PhDandMSc).html";; "Mozilla/5.0 (Macintosh; U; PPC Mac OS X; en) AppleWebKit/312.9 (KHTML, like Gecko) Safari/312.6"
84.203.57.192 - - [23/Mar/2008:01:02:58 +0000] "GET /UserFiles/Image/bullet.gif HTTP/1.1" 200 61 "http://www.csi.ucd.ie/Postgraduates/ResearchDegrees(PhDandMSc).html";; "Mozilla/5.0 (Macintosh; U; PPC Mac OS X; en) AppleWebKit/312.9 (KHTML, like Gecko) Safari/312.6"
84.203.57.192 - - [23/Mar/2008:01:03:14 +0000] "GET /Postgraduates/GeneralInformation.html HTTP/1.1" 200 42258 "http://www.csi.ucd.ie/Postgraduates/ResearchDegrees(PhDandMSc).html";; "Mozilla/5.0 (Macintosh; U; PPC Mac OS X; en) AppleWebKit/312.9 (KHTML, like Gecko) Safari/312.6"
84.203.57.192 - - [23/Mar/2008:01:03:14 +0000] "GET /UserFiles/Image/logo.gif HTTP/1.1" 200 3085 "http://www.csi.ucd.ie/Postgraduates/GeneralInformation.html";; "Mozilla/5.0 (Macintosh; U; PPC Mac OS X; en) AppleWebKit/312.9 (KHTML, like Gecko) Safari/312.6"
84.203.57.192 - - [23/Mar/2008:01:03:14 +0000] "GET /UserFiles/Image/ucd_submit.gif HTTP/1.1" 200 197 "http://www.csi.ucd.ie/Postgraduates/GeneralInformation.html";; "Mozilla/5.0 (Macintosh; U; PPC Mac OS X; en) AppleWebKit/312.9 (KHTML, like Gecko) Safari/312.6"
84.203.57.192 - - [23/Mar/2008:01:03:14 +0000] "GET /UserFiles/Image/background_header1.gif HTTP/1.1" 200 579 "http://www.csi.ucd.ie/Postgraduates/GeneralInformation.html";; "Mozilla/5.0 (Macintosh; U; PPC Mac OS X; en) AppleWebKit/312.9 (KHTML, like Gecko) Safari/312.6"
84.203.57.192 - - [23/Mar/2008:01:03:14 +0000] "GET /UserFiles/Image/header.gif HTTP/1.1" 200 11718 "http://www.csi.ucd.ie/Postgraduates/GeneralInformation.html";; "Mozilla/5.0 (Macintosh; U; PPC Mac OS X; en) AppleWebKit/312.9 (KHTML, like Gecko) Safari/312.6"
74.6.24.187 - - [23/Mar/2008:01:03:53 +0000] "GET /Staff/jmurphy/ HTTP/1.0" 304 - "-" "Mozilla/5.0 (compatible; Yahoo! Slurp; http://help.yahoo.com/help/us/ysearch/slurp)";;
193.1.132.49 - - [23/Mar/2008:01:05:01 +0000] "GET /cron.php HTTP/1.0" 200 - "-" "Wget/1.10.2 (Red Hat modified)"
220.181.38.169 - - [23/Mar/2008:01:05:33 +0000] "GET / HTTP/1.1" 200 6631 "-" "Baiduspider+(+http://www.baidu.com/search/spider.htm)";;
74.6.17.55 - - [23/Mar/2008:01:05:33 +0000] "GET /Staff/pcunningham/430ML/SNAEx.pdf HTTP/1.0" 304 - "-" "Mozilla/5.0 (compatible; Yahoo! Slurp; http://help.yahoo.com/help/us/ysearch/slurp)";;
193.1.172.46 - - [23/Mar/2008:01:05:49 +0000] "GET /staff/aquigley/home/?Links:Visualisation:Social_Networks HTTP/1.0" 200 14012 "-" "gsa-crawler (Enterprise; M2-N7RQ5RABCA2JT; unix@ucd.ie,fergal@ucd.ie)"
193.1.172.46 - - [23/Mar/2008:01:05:53 +0000] "GET /staff/aquigley/home/?Links:Questions:Newman_House HTTP/1.0" 200 12576 "-" "gsa-crawler (Enterprise; M2-N7RQ5RABCA2JT; unix@ucd.ie,fergal@ucd.ie)"
193.1.172.46 - - [23/Mar/2008:01:05:57 +0000] "GET /staff/aquigley/home/?Personal:1997-04%3A_Australia&print HTTP/1.0" 200 7433 "-" "gsa-crawler (Enterprise; M2-N7RQ5RABCA2JT; unix@ucd.ie,fergal@ucd.ie)"
61.135.166.102 - - [23/Mar/2008:01:06:28 +0000] "GET / HTTP/1.1" 200 6631 "-" "Baiduspider+(+http://www.baidu.com/search/spider.htm)";;
74.6.28.46 - - [23/Mar/2008:01:06:50 +0000] "GET /Postgraduates/PostgraduateStudents/rquigley.html HTTP/1.0" 304 - "-" "Mozilla/5.0 (compatible; Yahoo! Slurp; http://help.yahoo.com/help/us/ysearch/slurp)";;
193.120.116.178 - - [23/Mar/2008:01:06:55 +0000] "GET /UserFiles/Image/background_header1.gif HTTP/1.1" 200 579 "-" "Mozilla/4.0 (compatible;)"
79.97.3.84 - - [23/Mar/2008:01:07:06 +0000] "GET /staff/fcostello/home/ucd-cs-logo-transparent.gif HTTP/1.1" 404 326 "http://inismor.ucd.ie/~fintanc/COMP10010.html";; "Mozilla/4.0 (compatible; MSIE 6.0; Windows NT 5.1; SV1)"
79.97.3.84 - - [23/Mar/2008:01:07:07 +0000] "GET /staff/fcostello/home/cs1001/csstyle.css HTTP/1.1" 404 317 "http://inismor.ucd.ie/~fintanc/cs1001/practicals.html";; "Mozilla/4.0 (compatible; MSIE 6.0; Windows NT 5.1; SV1)"
74.6.24.32 - - [23/Mar/2008:01:07:33 +0000] "GET /staff/mbertolotto/home/lecture%20notes4025/spatial%20queries.ppt HTTP/1.0" 304 - "-" "Mozilla/5.0 (compatible; Yahoo! Slurp; http://help.yahoo.com/help/us/ysearch/slurp)";;
74.6.25.254 - - [23/Mar/2008:01:07:57 +0000] "GET /Staff/AcademicStaff/gpollastri HTTP/1.0" 301 342 "-" "Mozilla/5.0 (compatible; Yahoo! Slurp; http://help.yahoo.com/help/us/ysearch/slurp)";;
74.6.25.254 - - [23/Mar/2008:01:08:06 +0000] "GET /Staff/AcademicStaff/gpollastri/ HTTP/1.0" 200 11174 "-" "Mozilla/5.0 (compatible; Yahoo! Slurp; http://help.yahoo.com/help/us/ysearch/slurp)";;
74.6.31.100 - - [23/Mar/2008:01:09:43 +0000] "GET /csprism/resources/Switching_Pres.ppt HTTP/1.0" 304 - "-" "Mozilla/5.0 (compatible; Yahoo! Slurp; http://help.yahoo.com/help/us/ysearch/slurp)";;
193.1.132.49 - - [23/Mar/2008:01:10:01 +0000] "GET /cron.php HTTP/1.0" 200 - "-" "Wget/1.10.2 (Red Hat modified)"
86.145.158.132 - - [23/Mar/2008:01:10:17 +0000] "GET /staff/jcarthy/home/Lex.html HTTP/1.1" 200 5482 "http://www.google.cn/search?complete=1&hl=zh-CN&ie=GB2312&q=lexical+cohesion&btnG=Google+%CB%D1%CB%F7&meta=&aq=t&oq=lexical+";; "Mozilla/5.0 (Macintosh; U; PPC Mac OS X; en) AppleWebKit/523.12 (KHTML, like Gecko) Version/3.0.4 Safari/523.12"
86.145.158.132 - - [23/Mar/2008:01:10:17 +0000] "GET /favicon.ico HTTP/1.1" 404 289 "http://www.cs.ucd.ie/staff/jcarthy/home/Lex.html";; "Mozilla/5.0 (Macintosh; U; PPC Mac OS X; en) AppleWebKit/523.12 (KHTML, like Gecko) Version/3.0.4 Safari/523.12"
209.85.136.136 - - [23/Mar/2008:01:10:24 +0000] "GET /staff/jcarthy/home/Lex.html HTTP/1.0" 200 5482 "http://translate.google.com/translate_p?hl=zh-CN&sl=en&u=http://www.cs.ucd.ie/staff/jcarthy/home/Lex.html&prev=/search%3Fq%3Dlexical%2Bcohesion%26complete%3D1%26hl%3Dzh-CN%26inlang%3Dzh-CN%26sa%3DG";; "Mozilla/5.0 (Macintosh; U; PPC Mac OS X; en) AppleWebKit/523.12 (KHTML, like Gecko) Version/3.0.4 Safari/523.12,gzip(gfe) (via translate.google.com)"
65.98.41.154 - - [23/Mar/2008:01:11:16 +0000] "GET /Staff/PostdoctoralResearchers/lcoyle.html HTTP/1.1" 200 20008 "-" "Mozilla/4.0 (compatible; MSIE 6.0; Windows NT 5.1; SV1)"
65.98.41.154 - - [23/Mar/2008:01:11:18 +0000] "GET /Postgraduates/index.html HTTP/1.1" 200 4741 "-" "Mozilla/4.0 (compatible; MSIE 6.0; Windows NT 5.1; SV1)"
65.98.41.154 - - [23/Mar/2008:01:11:19 +0000] "GET /CampusCompanies.html HTTP/1.1" 200 6660 "-" "Mozilla/4.0 (compatible; MSIE 6.0; Windows NT 5.1; SV1)"
65.98.41.154 - - [23/Mar/2008:01:11:41 +0000] "GET /ContactUs.html HTTP/1.1" 200 3421 "-" "Mozilla/4.0 (compatible; MSIE 6.0; Windows NT 5.1; SV1)"
65.98.41.154 - - [23/Mar/2008:01:11:44 +0000] "GET /AboutUs.html HTTP/1.1" 200 3687 "-" "Mozilla/4.0 (compatible; MSIE 6.0; Windows NT 5.1; SV1)"
65.98.41.154 - - [23/Mar/2008:01:11:46 +0000] "GET /index.html HTTP/1.1" 200 6631 "-" "Mozilla/4.0 (compatible; MSIE 6.0; Windows NT 5.1; SV1)"
65.98.41.154 - - [23/Mar/2008:01:11:47 +0000] "GET /News/index.html HTTP/1.1" 200 9268 "-" "Mozilla/4.0 (compatible; MSIE 6.0; Windows NT 5.1; SV1)"
65.98.41.154 - - [23/Mar/2008:01:11:47 +0000] "GET /Staff/index.html HTTP/1.1" 200 3633 "-" "Mozilla/4.0 (compatible; MSIE 6.0; Windows NT 5.1; SV1)"
65.98.41.154 - - [23/Mar/2008:01:11:48 +0000] "GET /Research/index.html HTTP/1.1" 200 9339 "-" "Mozilla/4.0 (compatible; MSIE 6.0; Windows NT 5.1; SV1)"
65.98.41.154 - - [23/Mar/2008:01:11:56 +0000] "GET /Undergraduates/index.html HTTP/1.1" 200 7737 "-" "Mozilla/4.0 (compatible; MSIE 6.0; Windows NT 5.1; SV1)"
65.98.41.154 - - [23/Mar/2008:01:12:05 +0000] "GET /LocalInformation/index.html HTTP/1.1" 200 3342 "-" "Mozilla/4.0 (compatible; MSIE 6.0; Windows NT 5.1; SV1)"
74.6.25.107 - - [23/Mar/2008:01:13:45 +0000] "GET /csprism/publications/pub2003/man03.pdf HTTP/1.0" 304 - "-" "Mozilla/5.0 (compatible; Yahoo! Slurp; http://help.yahoo.com/help/us/ysearch/slurp)";;
82.170.39.24 - - [23/Mar/2008:01:13:58 +0000] "GET /Staff/pcunningham/TCD-online-pubs.html HTTP/1.1" 200 59063 "-" "Mozilla/4.0 (compatible; MSIE 6.0; Windows 98)"
82.170.39.24 - - [23/Mar/2008:01:14:09 +0000] "GET /Staff/AcademicStaff/pcunningham/ HTTP/1.1" 200 20057 "-" "Mozilla/4.0 (compatible; MSIE 6.0; Windows 98)"
193.1.132.49 - - [23/Mar/2008:01:15:01 +0000] "GET /cron.php HTTP/1.0" 200 - "-" "Wget/1.10.2 (Red Hat modified)"
124.43.33.188 - - [23/Mar/2008:01:15:01 +0000] "GET /staff/mbertolotto/home/lecture%20notes4025/introduction2006.ppt HTTP/1.1" 200 1221120 "http://www.google.com/search?q=spatial+data+Vs+non-spatial+data&hl=en&rlz=1B3GGGL_enLK260LK261&start=10&sa=N";; "Mozilla/5.0 (Windows; U; Windows NT 5.1; en-US; rv:1.8.1.12) Gecko/20080201 Firefox/2.0.0.12"
193.1.172.46 - - [23/Mar/2008:01:15:55 +0000] "GET /robots.txt HTTP/1.0" 404 289 "-" "gsa-crawler (Enterprise; M2-N7RQ5RABCA2JT; unix@ucd.ie,fergal@ucd.ie)"
193.1.172.46 - - [23/Mar/2008:01:15:55 +0000] "GET /staff/aquigley/home/index.php?Links:Visualisation:Social_Networks HTTP/1.0" 200 14336 "-" "gsa-crawler (Enterprise; M2-N7RQ5RABCA2JT; unix@ucd.ie,fergal@ucd.ie)"
193.1.172.46 - - [23/Mar/2008:01:15:55 +0000] "GET /staff/aquigley/home/index.php?Overview:Past_Roles:ALT HTTP/1.0" 200 20614 "-" "gsa-crawler (Enterprise; M2-N7RQ5RABCA2JT; unix@ucd.ie,fergal@ucd.ie)"
193.1.172.46 - - [23/Mar/2008:01:15:58 +0000] "GET /staff/aquigley/home/index.php?Research:4th_year&print HTTP/1.0" 200 735 "-" "gsa-crawler (Enterprise; M2-N7RQ5RABCA2JT; unix@ucd.ie,fergal@ucd.ie)"
72.74.123.11 - - [23/Mar/2008:01:15:57 +0000] "GET /staff/jmurphy/fecs/4_loops.pdf HTTP/1.1" 200 39027 "http://www.google.com/search?hl=en&client=firefox-a&rls=org.mozilla:en-US:official&hs=HqE&pwst=1&sa=X&oi=spell&resnum=0&ct=result&cd=1&q=unbounded+infinite+loop&spell=1";; "Mozilla/5.0 (Windows; U; Windows NT 6.0; en-US; rv:1.8.1.12) Gecko/20080201 Firefox/2.0.0.12"
72.74.123.11 - - [23/Mar/2008:01:16:05 +0000] "GET /favicon.ico HTTP/1.1" 404 289 "-" "Mozilla/5.0 (Windows; U; Windows NT 6.0; en-US; rv:1.8.1.12) Gecko/20080201 Firefox/2.0.0.12"
193.120.116.178 - - [23/Mar/2008:01:18:37 +0000] "GET /UserFiles/Image/ucd_submit.gif HTTP/1.1" 200 197 "-" "Mozilla/4.0 (compatible;)"
193.120.116.178 - - [23/Mar/2008:01:18:43 +0000] "GET /UserFiles/Image/logo.gif HTTP/1.1" 200 3085 "-" "Mozilla/4.0 (compatible;)"
74.6.7.158 - - [23/Mar/2008:01:19:46 +0000] "GET /Staff/AcademicStaff/tveale HTTP/1.0" 301 336 "-" "Mozilla/5.0 (compatible; Yahoo! Slurp; http://help.yahoo.com/help/us/ysearch/slurp)";;
74.6.7.158 - - [23/Mar/2008:01:19:58 +0000] "GET /Staff/AcademicStaff/tveale/ HTTP/1.0" 200 14775 "-" "Mozilla/5.0 (compatible; Yahoo! Slurp; http://help.yahoo.com/help/us/ysearch/slurp)";;
193.1.132.49 - - [23/Mar/2008:01:20:01 +0000] "GET /cron.php HTTP/1.0" 200 - "-" "Wget/1.10.2 (Red Hat modified)"
74.6.7.154 - - [23/Mar/2008:01:21:03 +0000] "GET /staff/aquigley/home/?Introduction:My_Feeds:My_Shared_Items HTTP/1.0" 200 12050 "-" "Mozilla/5.0 (compatible; Yahoo! Slurp; http://help.yahoo.com/help/us/ysearch/slurp)";;
65.214.44.29 - - [23/Mar/2008:01:21:48 +0000] "GET /Staff/cormac/rss.xml HTTP/1.1" 304 - "-" "Bloglines/3.1 (http://www.bloglines.com; 2 subscribers)"
74.6.28.51 - - [23/Mar/2008:01:21:54 +0000] "GET /staff/aquigley/home/?Research:Professional_Activities:Prior_2003 HTTP/1.0" 200 13356 "-" "Mozilla/5.0 (compatible; Yahoo! Slurp; http://help.yahoo.com/help/us/ysearch/slurp)";;
193.120.116.178 - - [23/Mar/2008:01:22:11 +0000] "GET /UserFiles/Image/header.gif HTTP/1.1" 200 11718 "-" "Mozilla/4.0 (compatible;)"
74.6.31.106 - - [23/Mar/2008:01:22:30 +0000] "GET /Staff/gohare/home/Comp4019/AgentFactoryII.ppt HTTP/1.0" 404 323 "-" "Mozilla/5.0 (compatible; Yahoo! Slurp; http://help.yahoo.com/help/us/ysearch/slurp)";;
74.6.7.126 - - [23/Mar/2008:01:23:36 +0000] "GET /Staff/jmurphy/publications/301.pdf HTTP/1.0" 200 261306 "-" "Mozilla/5.0 (compatible; Yahoo! Slurp; http://help.yahoo.com/help/us/ysearch/slurp)";;
74.6.18.158 - - [23/Mar/2008:01:23:59 +0000] "GET /staff/lmcginty/home/papers/2001/ICAI01.pdf HTTP/1.0" 404 320 "-" "Mozilla/5.0 (compatible; Yahoo! Slurp; http://help.yahoo.com/help/us/ysearch/slurp)";;
67.195.44.110 - - [23/Mar/2008:01:24:03 +0000] "GET /robots.txt HTTP/1.0" 200 1681 "-" "Mozilla/5.0 (compatible; Yahoo! Slurp; http://help.yahoo.com/help/us/ysearch/slurp)";;
67.195.53.161 - - [23/Mar/2008:01:24:14 +0000] "GET /rss.xml HTTP/1.0" 200 2926 "-" "Mozilla/5.0 (compatible; Yahoo! Slurp; http://help.yahoo.com/help/us/ysearch/slurp)";;
193.1.132.49 - - [23/Mar/2008:01:25:02 +0000] "GET /cron.php HTTP/1.0" 200 - "-" "Wget/1.10.2 (Red Hat modified)"
74.6.17.107 - - [23/Mar/2008:01:25:03 +0000] "GET /Staff/jmurphy/publications/541.pdf HTTP/1.0" 200 35749 "-" "Mozilla/5.0 (compatible; Yahoo! Slurp; http://help.yahoo.com/help/us/ysearch/slurp)";;
70.130.174.184 - - [23/Mar/2008:01:25:45 +0000] "GET /staff/jcarthy/home/alp/alp2-3.html HTTP/1.1" 200 43103 "http://search.mywebsearch.com/mywebsearch/AJweb.jhtml?pg=AJmain&action=click&searchfor=assembly+language+code+DOS+int&pn=2&tpr=&ss=sub&st=site&ptnrS=&ct=PN";; "Mozilla/4.0 (compatible; MSIE 6.0; Windows NT 5.0; DigExt; FunWebProducts; .NET CLR 2.0.50727)"
70.185.97.80 - - [23/Mar/2008:01:25:58 +0000] "GET /staff/jcarthy/home/2ndYearUnix/FilesinC%20lecture.doc HTTP/1.1" 200 78848 "http://www.google.com/search?hl=en&q=FILE*+C&btnG=Search";; "Mozilla/5.0 (Windows; U; Windows NT 5.1; en-US; rv:1.8.1.12) Gecko/20080201 Firefox/2.0.0.12"
74.6.30.121 - - [23/Mar/2008:01:26:14 +0000] "GET /rss.xml HTTP/1.0" 200 2926 "-" "Mozilla/5.0 (compatible; Yahoo! Slurp; http://help.yahoo.com/help/us/ysearch/slurp)";;
193.1.132.49 - - [23/Mar/2008:01:30:01 +0000] "GET /cron.php HTTP/1.0" 200 - "-" "Wget/1.10.2 (Red Hat modified)"
72.14.199.38 - - [23/Mar/2008:01:31:02 +0000] "GET /Staff/cormac/rss.xml HTTP/1.1" 304 - "-" "Feedfetcher-Google; (+http://www.google.com/feedfetcher.html; 2 subscribers; feed-id=18330990863338158850)"
74.6.29.88 - - [23/Mar/2008:01:33:01 +0000] "GET /students/ARuzzelli/home/Publications/ HTTP/1.0" 403 319 "-" "Mozilla/5.0 (compatible; Yahoo! Slurp; http://help.yahoo.com/help/us/ysearch/slurp)";;
66.249.72.169 - - [23/Mar/2008:01:34:00 +0000] "GET /robots.txt HTTP/1.1" 404 288 "-" "Mozilla/5.0 (compatible; Googlebot/2.1; +http://www.google.com/bot.html)";;
80.229.159.82 - - [23/Mar/2008:01:34:02 +0000] "GET /UserFiles/publications/1124705179203.pdf HTTP/1.1" 200 192245 "http://www.google.com/search?source=ig&hl=en&rlz=&q=%22learning+to+classify+documents+according+to+genre%22&btnG=Google+Search";; "Mozilla/5.0 (Macintosh; U; Intel Mac OS X 10_5_2; en-us) AppleWebKit/525.13 (KHTML, like Gecko) Version/3.1 Safari/525.13"
80.229.159.82 - - [23/Mar/2008:01:34:03 +0000] "GET /favicon.ico HTTP/1.1" 404 289 "-" "Mozilla/5.0 (Macintosh; U; Intel Mac OS X 10_5_2; en-us) AppleWebKit/525.13 (KHTML, like Gecko) Version/3.1 Safari/525.13"
193.120.116.178 - - [23/Mar/2008:01:34:46 +0000] "GET /UserFiles/Image/background_header1.gif HTTP/1.1" 200 579 "-" "Mozilla/4.0 (compatible;)"
193.1.132.49 - - [23/Mar/2008:01:35:01 +0000] "GET /cron.php HTTP/1.0" 200 - "-" "Wget/1.10.2 (Red Hat modified)"
193.1.172.46 - - [23/Mar/2008:01:35:02 +0000] "GET /Undergraduates/UCDCSIOpenDaysFeedbackForm.html HTTP/1.0" 304 - "-" "gsa-crawler (Enterprise; M2-N7RQ5RABCA2JT; unix@ucd.ie,fergal@ucd.ie)"
65.55.208.48 - - [23/Mar/2008:01:36:15 +0000] "GET /staff/aquigley/home/?Overview&login HTTP/1.1" 401 11524 "-" "msnbot/1.1 (+http://search.msn.com/msnbot.htm)";;
72.30.179.223 - - [23/Mar/2008:01:36:46 +0000] "GET /Postgraduates/PostgraduateStudents/fmowlds.html HTTP/1.0" 304 - "-" "Mozilla/5.0 (compatible; Yahoo! Slurp; http://help.yahoo.com/help/us/ysearch/slurp)";;
65.55.208.48 - - [23/Mar/2008:01:36:57 +0000] "GET /staff/aquigley/home/index.php?Introduction:My_Feeds&login HTTP/1.1" 401 12144 "-" "msnbot/1.1 (+http://search.msn.com/msnbot.htm)";;
74.6.9.101 - - [23/Mar/2008:01:37:32 +0000] "GET /staff/mogrady/home/publications/journals/oo-2002.pdf HTTP/1.0" 200 493067 "-" "Mozilla/5.0 (compatible; Yahoo! Slurp; http://help.yahoo.com/help/us/ysearch/slurp)";;
74.6.17.111 - - [23/Mar/2008:01:37:53 +0000] "GET /News/OpportunitiesDay/index.html HTTP/1.0" 304 - "-" "Mozilla/5.0 (compatible; Yahoo! Slurp; http://help.yahoo.com/help/us/ysearch/slurp)";;
74.6.25.26 - - [23/Mar/2008:01:38:07 +0000] "GET /staff/aquigley/home/index.php?Research:Professional_Activities:2006 HTTP/1.0" 200 15528 "-" "Mozilla/5.0 (compatible; Yahoo! Slurp; http://help.yahoo.com/help/us/ysearch/slurp)";;
99.231.200.137 - - [23/Mar/2008:01:39:25 +0000] "HEAD /prism/publications/pub2002/IROS-AnthroSocialRobot.pdf HTTP/1.1" 200 - "-" "Mozilla/5.0 (Windows; U; Windows NT 5.1; en-US; rv:1.8.1.12) Gecko/20080201 Firefox/2.0.0.12"
99.231.200.137 - - [23/Mar/2008:01:39:26 +0000] "GET /prism/publications/pub2002/IROS-AnthroSocialRobot.pdf HTTP/1.1" 200 70917 "http://scholar.google.ca/scholar?num=100&hl=en&lr=&safe=off&cluster=13427831118146300484";; "Mozilla/5.0 (Windows; U; Windows NT 5.1; en-US; rv:1.8.1.12) Gecko/20080201 Firefox/2.0.0.12"
193.1.132.49 - - [23/Mar/2008:01:40:01 +0000] "GET /cron.php HTTP/1.0" 200 - "-" "Wget/1.10.2 (Red Hat modified)"
74.6.29.120 - - [23/Mar/2008:01:40:54 +0000] "GET /staff/aquigley/home/index.php?Research:Professional_Activities:2006&login HTTP/1.0" 401 15347 "-" "Mozilla/5.0 (compatible; Yahoo! Slurp; http://help.yahoo.com/help/us/ysearch/slurp)";;
74.6.23.235 - - [23/Mar/2008:01:42:27 +0000] "GET /Staff/pcunningham/ HTTP/1.0" 403 300 "-" "Mozilla/5.0 (compatible; Yahoo! Slurp; http://help.yahoo.com/help/us/ysearch/slurp)";;
74.6.11.232 - - [23/Mar/2008:01:42:51 +0000] "GET /UserFiles/publications/1183397642350.pdf HTTP/1.0" 200 138316 "-" "Mozilla/5.0 (compatible; Yahoo! Slurp; http://help.yahoo.com/help/us/ysearch/slurp)";;
74.6.31.217 - - [23/Mar/2008:01:44:14 +0000] "GET /csprism/publications/pub2005/Dragone-CASA2005.bib HTTP/1.0" 304 - "-" "Mozilla/5.0 (compatible; Yahoo! Slurp; http://help.yahoo.com/help/us/ysearch/slurp)";;
213.171.220.246 - - [23/Mar/2008:01:44:26 +0000] "GET /staff/Alexeyl/default.htm HTTP/1.1" 404 303 "-" "Mozilla/4.0 (compatible ; MSIE 6.0; Windows NT 5.1)"
74.6.29.236 - - [23/Mar/2008:01:44:27 +0000] "GET /staff/lmurphy/home/liam-murphy-ref-publns.htm HTTP/1.0" 304 - "-" "Mozilla/5.0 (compatible; Yahoo! Slurp; http://help.yahoo.com/help/us/ysearch/slurp)";;
193.1.132.49 - - [23/Mar/2008:01:45:01 +0000] "GET /cron.php HTTP/1.0" 200 - "-" "Wget/1.10.2 (Red Hat modified)"
193.1.132.49 - - [23/Mar/2008:01:45:01 +0000] "GET /cron.php HTTP/1.0" 200 - "-" "Wget/1.10.2 (Red Hat modified)"
193.1.132.49 - - [23/Mar/2008:01:45:01 +0000] "GET /cron.php HTTP/1.0" 200 - "-" "Wget/1.10.2 (Red Hat modified)"
74.6.23.92 - - [23/Mar/2008:01:48:49 +0000] "GET /staff/emangina/extra.ppt HTTP/1.0" 304 - "-" "Mozilla/5.0 (compatible; Yahoo! Slurp; http://help.yahoo.com/help/us/ysearch/slurp)";;
193.1.132.49 - - [23/Mar/2008:01:50:01 +0000] "GET /cron.php HTTP/1.0" 200 - "-" "Wget/1.10.2 (Red Hat modified)"
74.6.26.176 - - [23/Mar/2008:01:51:13 +0000] "GET /staff/mbertolotto/home/lecture%20notes/eserc-sql.doc HTTP/1.0" 304 - "-" "Mozilla/5.0 (compatible; Yahoo! Slurp; http://help.yahoo.com/help/us/ysearch/slurp)";;
193.1.172.46 - - [23/Mar/2008:01:51:29 +0000] "GET /robots.txt HTTP/1.0" 404 288 "-" "gsa-crawler (Enterprise; M2-N7RQ5RABCA2JT; unix@ucd.ie,fergal@ucd.ie)"
193.1.172.46 - - [23/Mar/2008:01:51:29 +0000] "GET /staff/aquigley/home/index.php?Links:HCI_-_CHI:Tabletop HTTP/1.0" 200 12927 "-" "gsa-crawler (Enterprise; M2-N7RQ5RABCA2JT; unix@ucd.ie,fergal@ucd.ie)"
65.55.208.48 - - [23/Mar/2008:01:52:22 +0000] "GET /staff/aquigley/home/index.php?Personal:2005-%3A_Ireland&login HTTP/1.1" 401 12182 "-" "msnbot/1.1 (+http://search.msn.com/msnbot.htm)";;
65.214.44.29 - - [23/Mar/2008:01:52:31 +0000] "GET /Staff/cormac/rss.xml HTTP/1.1" 304 - "-" "Bloglines/3.1 (http://www.bloglines.com; 2 subscribers)"
208.80.193.35 - - [23/Mar/2008:01:52:36 +0000] "GET / HTTP/1.1" 200 6631 "-" "Mozilla/5.0 (compatible; Konqueror/3.0-rc2; i686 Linux; 20020903)"
81.52.143.16 - - [23/Mar/2008:01:53:00 +0000] "GET /robots.txt HTTP/1.1" 404 288 "-" "Mozilla/5.0 (Windows; U; Windows NT 5.1; fr; rv:1.8.1) VoilaBot BETA 1.2 (http://www.voila.com/)";;
81.52.143.16 - - [23/Mar/2008:01:53:16 +0000] "GET /index-4.html HTTP/1.1" 200 12868 "-" "Mozilla/5.0 (Windows; U; Windows NT 5.1; fr; rv:1.8.1) VoilaBot BETA 1.2 (http://www.voila.com/)";;
122.152.129.8 - - [23/Mar/2008:01:53:55 +0000] "GET / HTTP/1.1" 304 - "-" "Baiduspider+(+http://www.baidu.com/search/spider_jp.html)";;
74.6.24.116 - - [23/Mar/2008:01:54:32 +0000] "GET /ideasDay/projects05/STassadiq/default.htm HTTP/1.0" 404 319 "-" "Mozilla/5.0 (compatible; Yahoo! Slurp; http://help.yahoo.com/help/us/ysearch/slurp)";;
59.92.121.159 - - [23/Mar/2008:01:54:32 +0000] "GET /staff/jcarthy/home/alp/alp1.pdf HTTP/1.1" 200 126435 "http://www.google.com/search?sourceid=navclient&aq=t&ie=UTF-8&rlz=1T4ADBF_enIN267IN267&q=assembly+language+programs+8086";; "Mozilla/4.0 (compatible; MSIE 6.0; Windows NT 5.1; SV1)"
222.127.228.6 - - [23/Mar/2008:01:54:49 +0000] "GET /treemap-2.png HTTP/1.1" 200 337437 "-" "Mozilla/4.0 (compatible;)"
